CRAN Package Check Results for Package Rcpp

Last updated on 2019-10-14 01:46:33 CEST.

Flavor Version Tinstall Tcheck Ttotal Status Flags
r-devel-linux-x86_64-debian-clang 1.0.2 59.91 375.77 435.68 OK
r-devel-linux-x86_64-debian-gcc 1.0.2 38.92 250.90 289.82 OK
r-devel-linux-x86_64-fedora-clang 1.0.2 557.59 NOTE
r-devel-linux-x86_64-fedora-gcc 1.0.2 494.02 NOTE
r-devel-windows-ix86+x86_64 1.0.2 125.00 434.00 559.00 NOTE
r-patched-linux-x86_64 1.0.2 47.13 312.59 359.72 OK
r-patched-solaris-x86 1.0.2 389.90 NOTE
r-release-linux-x86_64 1.0.2 45.90 311.88 357.78 OK
r-release-windows-ix86+x86_64 1.0.2 152.00 579.00 731.00 NOTE
r-release-osx-x86_64 1.0.2 NOTE
r-oldrel-windows-ix86+x86_64 1.0.2 94.00 398.00 492.00 NOTE
r-oldrel-osx-x86_64 1.0.2 NOTE

Additional issues

gcc-UBSAN

Check Details

Version: 1.0.2
Check: installed package size
Result: NOTE
     installed size is 15.9Mb
     sub-directories of 1Mb or more:
     doc 2.7Mb
     include 6.4Mb
     libs 4.8Mb
Flavors: r-devel-linux-x86_64-fedora-clang, r-devel-windows-ix86+x86_64, r-patched-solaris-x86, r-release-windows-ix86+x86_64, r-release-osx-x86_64, r-oldrel-windows-ix86+x86_64, r-oldrel-osx-x86_64

Version: 1.0.2
Check: foreign function calls
Result: NOTE
    Registration problem:
     symbol ‘symbol’ in the local frame:
     .Call(symbol)
    See chapter ‘System and foreign language interfaces’ in the ‘Writing R
    Extensions’ manual.
Flavors: r-devel-linux-x86_64-fedora-clang, r-devel-linux-x86_64-fedora-gcc