CRAN Package Check Results for Package RcppAlgos

Last updated on 2019-10-14 01:46:33 CEST.

Flavor Version Tinstall Tcheck Ttotal Status Flags
r-devel-linux-x86_64-debian-clang 2.3.4 114.46 63.28 177.74 OK
r-devel-linux-x86_64-debian-gcc 2.3.4 93.65 48.70 142.35 OK
r-devel-linux-x86_64-fedora-clang 2.3.4 272.95 NOTE
r-devel-linux-x86_64-fedora-gcc 2.3.4 249.83 OK
r-devel-windows-ix86+x86_64 2.3.4 237.00 192.00 429.00 OK
r-patched-linux-x86_64 2.3.4 90.46 61.18 151.64 OK
r-patched-solaris-x86 2.3.4 249.50 OK
r-release-linux-x86_64 2.3.4 93.86 61.14 155.00 OK
r-release-windows-ix86+x86_64 2.3.4 286.00 141.00 427.00 OK
r-release-osx-x86_64 2.3.4 NOTE
r-oldrel-windows-ix86+x86_64 2.3.4 209.00 137.00 346.00 OK
r-oldrel-osx-x86_64 2.3.4 NOTE

Check Details

Version: 2.3.4
Check: installed package size
Result: NOTE
     installed size is 10.8Mb
     sub-directories of 1Mb or more:
     libs 10.4Mb
Flavors: r-devel-linux-x86_64-fedora-clang, r-release-osx-x86_64, r-oldrel-osx-x86_64