CRAN Package Check Results for Package RcppAlgos

Last updated on 2020-05-29 01:50:19 CEST.

Flavor Version Tinstall Tcheck Ttotal Status Flags
r-devel-linux-x86_64-debian-clang 2.4.1 414.95 92.32 507.27 OK
r-devel-linux-x86_64-debian-gcc 2.4.1 307.17 69.11 376.28 OK
r-devel-linux-x86_64-fedora-clang 2.4.1 745.10 NOTE
r-devel-linux-x86_64-fedora-gcc 2.4.1 636.43 OK
r-devel-windows-ix86+x86_64 2.4.1 914.00 253.00 1167.00 NOTE
r-patched-linux-x86_64 2.4.1 306.47 91.43 397.90 OK
r-patched-solaris-x86 2.4.1 549.70 OK
r-release-linux-x86_64 2.4.1 309.30 91.87 401.17 OK
r-release-osx-x86_64 2.4.1 NOTE
r-release-windows-ix86+x86_64 2.4.1 721.00 205.00 926.00 NOTE
r-oldrel-osx-x86_64 2.4.1 NOTE
r-oldrel-windows-ix86+x86_64 2.4.1 922.00 195.00 1117.00 NOTE

Check Details

Version: 2.4.1
Check: installed package size
Result: NOTE
     installed size is 28.3Mb
     sub-directories of 1Mb or more:
     libs 27.0Mb
Flavors: r-devel-linux-x86_64-fedora-clang, r-devel-windows-ix86+x86_64, r-release-osx-x86_64, r-release-windows-ix86+x86_64, r-oldrel-osx-x86_64, r-oldrel-windows-ix86+x86_64