CRAN Package Check Results for Package RcppDL

Last updated on 2019-11-18 00:54:31 CET.

Flavor Version Tinstall Tcheck Ttotal Status Flags
r-devel-linux-x86_64-debian-clang 0.0.5 54.16 43.64 97.80 OK
r-devel-linux-x86_64-debian-gcc 0.0.5 37.07 35.52 72.59 OK
r-devel-linux-x86_64-fedora-clang 0.0.5 131.07 NOTE
r-devel-linux-x86_64-fedora-gcc 0.0.5 124.12 NOTE
r-devel-windows-ix86+x86_64 0.0.5 135.00 100.00 235.00 OK
r-patched-linux-x86_64 0.0.5 40.84 42.10 82.94 OK
r-patched-solaris-x86 0.0.5 142.40 OK
r-release-linux-x86_64 0.0.5 42.94 42.28 85.22 OK
r-release-windows-ix86+x86_64 0.0.5 97.00 121.00 218.00 OK
r-release-osx-x86_64 0.0.5 OK
r-oldrel-windows-ix86+x86_64 0.0.5 113.00 113.00 226.00 OK
r-oldrel-osx-x86_64 0.0.5 OK

Check Details

Version: 0.0.5
Check: compiled code
Result: NOTE
    File ‘RcppDL/libs/RcppDL.so’:
     Found no calls to: ‘R_registerRoutines’, ‘R_useDynamicSymbols’
    
    It is good practice to register native routines and to disable symbol
    search.
    
    See ‘Writing portable packages’ in the ‘Writing R Extensions’ manual.
Flavors: r-devel-linux-x86_64-fedora-clang, r-devel-linux-x86_64-fedora-gcc