CRAN Package Check Results for Package RcppDL

Last updated on 2020-06-03 01:50:55 CEST.

Flavor Version Tinstall Tcheck Ttotal Status Flags
r-devel-linux-x86_64-debian-clang 0.0.5 60.73 47.15 107.88 OK
r-devel-linux-x86_64-debian-gcc 0.0.5 44.49 36.91 81.40 OK
r-devel-linux-x86_64-fedora-clang 0.0.5 150.20 NOTE
r-devel-linux-x86_64-fedora-gcc 0.0.5 129.35 NOTE
r-devel-windows-ix86+x86_64 0.0.5 140.00 121.00 261.00 OK
r-patched-linux-x86_64 0.0.5 45.64 47.67 93.31 OK
r-patched-solaris-x86 0.0.5 152.70 OK
r-release-linux-x86_64 0.0.5 48.41 47.88 96.29 OK
r-release-osx-x86_64 0.0.5 OK
r-release-windows-ix86+x86_64 0.0.5 97.00 126.00 223.00 OK
r-oldrel-osx-x86_64 0.0.5 OK
r-oldrel-windows-ix86+x86_64 0.0.5 113.00 98.00 211.00 OK

Check Details

Version: 0.0.5
Check: compiled code
Result: NOTE
    File ‘RcppDL/libs/RcppDL.so’:
     Found no calls to: ‘R_registerRoutines’, ‘R_useDynamicSymbols’
    
    It is good practice to register native routines and to disable symbol
    search.
    
    See ‘Writing portable packages’ in the ‘Writing R Extensions’ manual.
Flavors: r-devel-linux-x86_64-fedora-clang, r-devel-linux-x86_64-fedora-gcc