CRAN Package Check Results for Package RcppFaddeeva

Last updated on 2020-06-03 01:50:55 CEST.

Flavor Version Tinstall Tcheck Ttotal Status Flags
r-devel-linux-x86_64-debian-clang 0.1.0 18.75 27.71 46.46 NOTE
r-devel-linux-x86_64-debian-gcc 0.1.0 13.92 22.21 36.13 NOTE
r-devel-linux-x86_64-fedora-clang 0.1.0 70.45 NOTE
r-devel-linux-x86_64-fedora-gcc 0.1.0 58.09 NOTE
r-devel-windows-ix86+x86_64 0.1.0 49.00 96.00 145.00 NOTE
r-patched-linux-x86_64 0.1.0 15.21 28.23 43.44 NOTE
r-patched-solaris-x86 0.1.0 75.80 NOTE
r-release-linux-x86_64 0.1.0 14.86 27.81 42.67 NOTE
r-release-osx-x86_64 0.1.0 NOTE
r-release-windows-ix86+x86_64 0.1.0 38.00 72.00 110.00 NOTE
r-oldrel-osx-x86_64 0.1.0 NOTE
r-oldrel-windows-ix86+x86_64 0.1.0 41.00 68.00 109.00 NOTE

Check Details

Version: 0.1.0
Check: R code for possible problems
Result: NOTE
    Gauss: no visible global function definition for 'dnorm'
    Undefined global functions or variables:
     dnorm
    Consider adding
     importFrom("stats", "dnorm")
    to your NAMESPACE file.
Flavors: r-devel-linux-x86_64-debian-clang, r-devel-linux-x86_64-debian-gcc, r-devel-linux-x86_64-fedora-clang, r-devel-linux-x86_64-fedora-gcc, r-devel-windows-ix86+x86_64, r-patched-linux-x86_64, r-patched-solaris-x86, r-release-linux-x86_64, r-release-osx-x86_64, r-release-windows-ix86+x86_64, r-oldrel-osx-x86_64, r-oldrel-windows-ix86+x86_64

Version: 0.1.0
Check: compiled code
Result: NOTE
    File ‘RcppFaddeeva/libs/RcppFaddeeva.so’:
     Found no calls to: ‘R_registerRoutines’, ‘R_useDynamicSymbols’
    
    It is good practice to register native routines and to disable symbol
    search.
    
    See ‘Writing portable packages’ in the ‘Writing R Extensions’ manual.
Flavors: r-devel-linux-x86_64-fedora-clang, r-devel-linux-x86_64-fedora-gcc