CRAN Package Check Results for Package RcppFaddeeva

Last updated on 2019-10-20 01:46:59 CEST.

Flavor Version Tinstall Tcheck Ttotal Status Flags
r-devel-linux-x86_64-debian-clang 0.1.0 17.74 25.61 43.35 NOTE
r-devel-linux-x86_64-debian-gcc 0.1.0 12.02 20.72 32.74 NOTE
r-devel-linux-x86_64-fedora-clang 0.1.0 58.00 NOTE
r-devel-linux-x86_64-fedora-gcc 0.1.0 54.74 NOTE
r-devel-windows-ix86+x86_64 0.1.0 30.00 62.00 92.00 NOTE
r-patched-linux-x86_64 0.1.0 12.24 25.26 37.50 NOTE
r-patched-solaris-x86 0.1.0 70.80 NOTE
r-release-linux-x86_64 0.1.0 11.73 25.40 37.13 NOTE
r-release-windows-ix86+x86_64 0.1.0 30.00 63.00 93.00 NOTE
r-release-osx-x86_64 0.1.0 NOTE
r-oldrel-windows-ix86+x86_64 0.1.0 29.00 54.00 83.00 NOTE
r-oldrel-osx-x86_64 0.1.0 NOTE

Check Details

Version: 0.1.0
Check: R code for possible problems
Result: NOTE
    Gauss: no visible global function definition for 'dnorm'
    Undefined global functions or variables:
     dnorm
    Consider adding
     importFrom("stats", "dnorm")
    to your NAMESPACE file.
Flavors: r-devel-linux-x86_64-debian-clang, r-devel-linux-x86_64-debian-gcc, r-devel-linux-x86_64-fedora-clang, r-devel-linux-x86_64-fedora-gcc, r-devel-windows-ix86+x86_64, r-patched-linux-x86_64, r-patched-solaris-x86, r-release-linux-x86_64, r-release-windows-ix86+x86_64, r-release-osx-x86_64, r-oldrel-windows-ix86+x86_64, r-oldrel-osx-x86_64

Version: 0.1.0
Check: compiled code
Result: NOTE
    File ‘RcppFaddeeva/libs/RcppFaddeeva.so’:
     Found no calls to: ‘R_registerRoutines’, ‘R_useDynamicSymbols’
    
    It is good practice to register native routines and to disable symbol
    search.
    
    See ‘Writing portable packages’ in the ‘Writing R Extensions’ manual.
Flavors: r-devel-linux-x86_64-fedora-clang, r-devel-linux-x86_64-fedora-gcc