CRAN Package Check Results for Package RcppHMM

Last updated on 2020-05-25 01:49:02 CEST.

Flavor Version Tinstall Tcheck Ttotal Status Flags
r-devel-linux-x86_64-debian-clang 1.2.2 102.22 26.88 129.10 OK
r-devel-linux-x86_64-debian-gcc 1.2.2 72.54 21.04 93.58 OK
r-devel-linux-x86_64-fedora-clang 1.2.2 175.44 NOTE
r-devel-linux-x86_64-fedora-gcc 1.2.2 164.64 OK
r-devel-windows-ix86+x86_64 1.2.2 227.00 87.00 314.00 OK
r-patched-linux-x86_64 1.2.2 78.84 26.91 105.75 OK
r-patched-solaris-x86 1.2.2 157.70 OK
r-release-linux-x86_64 1.2.2 77.98 26.84 104.82 OK
r-release-osx-x86_64 1.2.2 NOTE
r-release-windows-ix86+x86_64 1.2.2 182.00 88.00 270.00 OK
r-oldrel-osx-x86_64 1.2.2 OK
r-oldrel-windows-ix86+x86_64 1.2.2 187.00 67.00 254.00 OK

Check Details

Version: 1.2.2
Check: installed package size
Result: NOTE
     installed size is 5.8Mb
     sub-directories of 1Mb or more:
     libs 5.7Mb
Flavors: r-devel-linux-x86_64-fedora-clang, r-release-osx-x86_64