CRAN Package Check Results for Package RcppNumerical

Last updated on 2020-05-31 01:48:50 CEST.

Flavor Version Tinstall Tcheck Ttotal Status Flags
r-devel-linux-x86_64-debian-clang 0.4-0 42.20 151.82 194.02 OK
r-devel-linux-x86_64-debian-gcc 0.4-0 32.36 120.38 152.74 OK
r-devel-linux-x86_64-fedora-clang 0.4-0 227.72 NOTE
r-devel-linux-x86_64-fedora-gcc 0.4-0 240.16 OK
r-devel-windows-ix86+x86_64 0.4-0 99.00 219.00 318.00 OK
r-patched-linux-x86_64 0.4-0 33.71 144.62 178.33 OK
r-patched-solaris-x86 0.4-0 226.10 OK
r-release-linux-x86_64 0.4-0 36.57 144.71 181.28 OK
r-release-osx-x86_64 0.4-0 NOTE
r-release-windows-ix86+x86_64 0.4-0 88.00 185.00 273.00 OK
r-oldrel-osx-x86_64 0.4-0 NOTE
r-oldrel-windows-ix86+x86_64 0.4-0 85.00 175.00 260.00 OK

Check Details

Version: 0.4-0
Check: installed package size
Result: NOTE
     installed size is 5.6Mb
     sub-directories of 1Mb or more:
     libs 5.1Mb
Flavors: r-devel-linux-x86_64-fedora-clang, r-release-osx-x86_64, r-oldrel-osx-x86_64