CRAN Package Check Results for Package RcppNumerical

Last updated on 2019-10-20 01:46:59 CEST.

Flavor Version Tinstall Tcheck Ttotal Status Flags
r-devel-linux-x86_64-debian-clang 0.3-3 35.41 113.94 149.35 OK
r-devel-linux-x86_64-debian-gcc 0.3-3 28.56 86.66 115.22 OK
r-devel-linux-x86_64-fedora-clang 0.3-3 177.61 NOTE
r-devel-linux-x86_64-fedora-gcc 0.3-3 189.15 OK
r-devel-windows-ix86+x86_64 0.3-3 67.00 134.00 201.00 OK
r-patched-linux-x86_64 0.3-3 31.60 111.19 142.79 OK
r-patched-solaris-x86 0.3-3 201.10 OK
r-release-linux-x86_64 0.3-3 31.82 108.44 140.26 OK
r-release-windows-ix86+x86_64 0.3-3 66.00 136.00 202.00 OK
r-release-osx-x86_64 0.3-3 NOTE
r-oldrel-windows-ix86+x86_64 0.3-3 63.00 132.00 195.00 OK
r-oldrel-osx-x86_64 0.3-3 NOTE

Check Details

Version: 0.3-3
Check: installed package size
Result: NOTE
     installed size is 5.3Mb
     sub-directories of 1Mb or more:
     libs 4.9Mb
Flavors: r-devel-linux-x86_64-fedora-clang, r-release-osx-x86_64, r-oldrel-osx-x86_64