CRAN Package Check Results for Package RcppTOML

Last updated on 2020-05-25 01:49:02 CEST.

Flavor Version Tinstall Tcheck Ttotal Status Flags
r-devel-linux-x86_64-debian-clang 0.1.6 36.48 24.56 61.04 OK
r-devel-linux-x86_64-debian-gcc 0.1.6 29.37 19.76 49.13 OK
r-devel-linux-x86_64-fedora-clang 0.1.6 77.34 NOTE
r-devel-linux-x86_64-fedora-gcc 0.1.6 78.45 NOTE
r-devel-windows-ix86+x86_64 0.1.6 80.00 82.00 162.00 OK
r-patched-linux-x86_64 0.1.6 31.70 24.80 56.50 OK
r-patched-solaris-x86 0.1.6 90.40 OK
r-release-linux-x86_64 0.1.6 30.04 24.95 54.99 OK
r-release-osx-x86_64 0.1.6 OK
r-release-windows-ix86+x86_64 0.1.6 60.00 90.00 150.00 OK
r-oldrel-osx-x86_64 0.1.6 OK
r-oldrel-windows-ix86+x86_64 0.1.6 65.00 76.00 141.00 OK

Check Details

Version: 0.1.6
Check: top-level files
Result: NOTE
    ‘cleanup’: /bin/bash is not portable
Flavors: r-devel-linux-x86_64-fedora-clang, r-devel-linux-x86_64-fedora-gcc