CRAN Package Check Results for Package Rcsdp

Last updated on 2019-11-22 00:49:24 CET.

Flavor Version Tinstall Tcheck Ttotal Status Flags
r-devel-linux-x86_64-debian-clang 0.1.55 14.77 23.36 38.13 WARN
r-devel-linux-x86_64-debian-gcc 0.1.55 8.45 19.13 27.58 WARN
r-devel-linux-x86_64-fedora-clang 0.1.55 46.69 WARN
r-devel-linux-x86_64-fedora-gcc 0.1.55 44.13 WARN
r-devel-windows-ix86+x86_64 0.1.55 30.00 44.00 74.00 OK
r-devel-windows-ix86+x86_64-gcc8 0.1.55 39.00 44.00 83.00 OK
r-patched-linux-x86_64 0.1.55 9.09 22.68 31.77 OK
r-patched-solaris-x86 0.1.55 77.00 OK
r-release-linux-x86_64 0.1.55 8.95 22.73 31.68 OK
r-release-windows-ix86+x86_64 0.1.55 29.00 58.00 87.00 OK
r-release-osx-x86_64 0.1.55 OK
r-oldrel-windows-ix86+x86_64 0.1.55 24.00 39.00 63.00 OK
r-oldrel-osx-x86_64 0.1.55 OK

Additional issues

rchk

Check Details

Version: 0.1.55
Check: whether package can be installed
Result: WARN
    Found the following significant warnings:
     'config' variable 'CPP' is deprecated
Flavors: r-devel-linux-x86_64-debian-clang, r-devel-linux-x86_64-debian-gcc, r-devel-linux-x86_64-fedora-clang

Version: 0.1.55
Check: compiled code
Result: NOTE
    File ‘Rcsdp/libs/Rcsdp.so’:
     Found no calls to: ‘R_registerRoutines’, ‘R_useDynamicSymbols’
    
    It is good practice to register native routines and to disable symbol
    search.
    
    See ‘Writing portable packages’ in the ‘Writing R Extensions’ manual.
Flavors: r-devel-linux-x86_64-fedora-clang, r-devel-linux-x86_64-fedora-gcc

Version: 0.1.55
Check: whether package can be installed
Result: WARN
    Found the following significant warnings:
     'config' variable 'CPP' is deprecated
     initparams.c:36:7: warning: ignoring return value of ‘fscanf’, declared with attribute warn_unused_result [-Wunused-result]
     initparams.c:37:7: warning: ignoring return value of ‘fscanf’, declared with attribute warn_unused_result [-Wunused-result]
     initparams.c:38:7: warning: ignoring return value of ‘fscanf’, declared with attribute warn_unused_result [-Wunused-result]
     initparams.c:39:7: warning: ignoring return value of ‘fscanf’, declared with attribute warn_unused_result [-Wunused-result]
     initparams.c:40:7: warning: ignoring return value of ‘fscanf’, declared with attribute warn_unused_result [-Wunused-result]
     initparams.c:41:7: warning: ignoring return value of ‘fscanf’, declared with attribute warn_unused_result [-Wunused-result]
     initparams.c:42:7: warning: ignoring return value of ‘fscanf’, declared with attribute warn_unused_result [-Wunused-result]
     initparams.c:43:7: warning: ignoring return value of ‘fscanf’, declared with attribute warn_unused_result [-Wunused-result]
     initparams.c:44:7: warning: ignoring return value of ‘fscanf’, declared with attribute warn_unused_result [-Wunused-result]
     initparams.c:45:7: warning: ignoring return value of ‘fscanf’, declared with attribute warn_unused_result [-Wunused-result]
     initparams.c:46:7: warning: ignoring return value of ‘fscanf’, declared with attribute warn_unused_result [-Wunused-result]
     initparams.c:47:7: warning: ignoring return value of ‘fscanf’, declared with attribute warn_unused_result [-Wunused-result]
     initparams.c:48:7: warning: ignoring return value of ‘fscanf’, declared with attribute warn_unused_result [-Wunused-result]
     initparams.c:49:7: warning: ignoring return value of ‘fscanf’, declared with attribute warn_unused_result [-Wunused-result]
     initparams.c:50:7: warning: ignoring return value of ‘fscanf’, declared with attribute warn_unused_result [-Wunused-result]
     initparams.c:51:7: warning: ignoring return value of ‘fscanf’, declared with attribute warn_unused_result [-Wunused-result]
Flavor: r-devel-linux-x86_64-fedora-gcc