CRAN Package Check Results for Package Rdtq

Last updated on 2020-06-03 01:50:56 CEST.

Flavor Version Tinstall Tcheck Ttotal Status Flags
r-devel-linux-x86_64-debian-clang 0.1 21.23 95.77 117.00 NOTE
r-devel-linux-x86_64-debian-gcc 0.1 18.76 68.85 87.61 NOTE
r-devel-linux-x86_64-fedora-clang 0.1 153.38 NOTE
r-devel-linux-x86_64-fedora-gcc 0.1 135.72 NOTE
r-devel-windows-ix86+x86_64 0.1 59.00 172.00 231.00 OK
r-patched-linux-x86_64 0.1 20.54 84.76 105.30 NOTE
r-patched-solaris-x86 0.1 201.70 NOTE
r-release-linux-x86_64 0.1 17.32 85.58 102.90 NOTE
r-release-osx-x86_64 0.1 OK
r-release-windows-ix86+x86_64 0.1 49.00 160.00 209.00 OK
r-oldrel-osx-x86_64 0.1 OK
r-oldrel-windows-ix86+x86_64 0.1 47.00 167.00 214.00 OK

Additional issues

clang-UBSAN

Check Details

Version: 0.1
Check: for non-standard things in the check directory
Result: NOTE
    Found the following files/directories:
     'example.pdf'
Flavors: r-devel-linux-x86_64-debian-clang, r-devel-linux-x86_64-debian-gcc, r-devel-linux-x86_64-fedora-clang, r-devel-linux-x86_64-fedora-gcc, r-patched-linux-x86_64, r-patched-solaris-x86, r-release-linux-x86_64

Version: 0.1
Check: compiled code
Result: NOTE
    File ‘Rdtq/libs/Rdtq.so’:
     Found no calls to: ‘R_registerRoutines’, ‘R_useDynamicSymbols’
    
    It is good practice to register native routines and to disable symbol
    search.
    
    See ‘Writing portable packages’ in the ‘Writing R Extensions’ manual.
Flavors: r-devel-linux-x86_64-fedora-clang, r-devel-linux-x86_64-fedora-gcc