CRAN Package Check Results for Package Rdtq

Last updated on 2019-10-19 01:50:23 CEST.

Flavor Version Tinstall Tcheck Ttotal Status Flags
r-devel-linux-x86_64-debian-clang 0.1 21.55 86.77 108.32 NOTE
r-devel-linux-x86_64-debian-gcc 0.1 16.74 61.47 78.21 NOTE
r-devel-linux-x86_64-fedora-clang 0.1 139.50 NOTE
r-devel-linux-x86_64-fedora-gcc 0.1 125.16 NOTE
r-devel-windows-ix86+x86_64 0.1 51.00 200.00 251.00 OK
r-patched-linux-x86_64 0.1 19.42 75.48 94.90 OK
r-patched-solaris-x86 0.1 189.70 OK
r-release-linux-x86_64 0.1 17.06 75.51 92.57 OK
r-release-windows-ix86+x86_64 0.1 36.00 150.00 186.00 OK
r-release-osx-x86_64 0.1 OK
r-oldrel-windows-ix86+x86_64 0.1 29.00 130.00 159.00 OK
r-oldrel-osx-x86_64 0.1 OK

Additional issues

clang-UBSAN

Check Details

Version: 0.1
Check: for non-standard things in the check directory
Result: NOTE
    Found the following files/directories:
     'example.pdf'
Flavors: r-devel-linux-x86_64-debian-clang, r-devel-linux-x86_64-debian-gcc, r-devel-linux-x86_64-fedora-clang, r-devel-linux-x86_64-fedora-gcc

Version: 0.1
Check: compiled code
Result: NOTE
    File ‘Rdtq/libs/Rdtq.so’:
     Found no calls to: ‘R_registerRoutines’, ‘R_useDynamicSymbols’
    
    It is good practice to register native routines and to disable symbol
    search.
    
    See ‘Writing portable packages’ in the ‘Writing R Extensions’ manual.
Flavors: r-devel-linux-x86_64-fedora-clang, r-devel-linux-x86_64-fedora-gcc