CRAN Package Check Results for Package ReIns

Last updated on 2019-10-21 05:47:11 CEST.

Flavor Version Tinstall Tcheck Ttotal Status Flags
r-devel-linux-x86_64-debian-clang 1.0.8 69.27 152.47 221.74 OK
r-devel-linux-x86_64-debian-gcc 1.0.8 52.08 114.97 167.05 OK
r-devel-linux-x86_64-fedora-clang 1.0.8 274.15 OK
r-devel-linux-x86_64-fedora-gcc 1.0.8 264.27 OK
r-devel-windows-ix86+x86_64 1.0.8 112.00 256.00 368.00 OK
r-patched-linux-x86_64 1.0.8 49.90 148.60 198.50 OK
r-patched-solaris-x86 1.0.8 340.40 OK
r-release-linux-x86_64 1.0.8 52.81 149.99 202.80 OK
r-release-windows-ix86+x86_64 1.0.8 156.00 251.00 407.00 OK
r-release-osx-x86_64 1.0.8 NOTE
r-oldrel-windows-ix86+x86_64 1.0.8 108.00 207.00 315.00 OK
r-oldrel-osx-x86_64 1.0.8 OK

Check Details

Version: 1.0.8
Check: package dependencies
Result: NOTE
    Packages suggested but not available for checking: 'interval', 'Icens'
Flavor: r-release-osx-x86_64

Version: 1.0.8
Check: Rd cross-references
Result: NOTE
    Package unavailable to check Rd xrefs: ‘interval’
Flavor: r-release-osx-x86_64