CRAN Package Check Results for Package Rmagic

Last updated on 2020-03-26 02:25:35 CET.

Flavor Version Tinstall Tcheck Ttotal Status Flags
r-devel-linux-x86_64-debian-clang 2.0.3 9.45 89.60 99.05 OK
r-devel-linux-x86_64-debian-gcc 2.0.3 7.29 68.12 75.41 OK
r-devel-linux-x86_64-fedora-clang 2.0.3 122.91 OK
r-devel-linux-x86_64-fedora-gcc 2.0.3 116.08 OK
r-devel-windows-ix86+x86_64 2.0.3 23.00 5.00 28.00 ERROR
r-devel-windows-ix86+x86_64-gcc8 2.0.3 18.00 7.00 25.00 ERROR
r-patched-linux-x86_64 2.0.3 8.61 77.45 86.06 OK
r-patched-solaris-x86 2.0.3 169.50 OK
r-release-linux-x86_64 2.0.3 7.80 77.20 85.00 OK
r-release-windows-ix86+x86_64 2.0.3 24.00 8.00 32.00 ERROR
r-release-osx-x86_64 2.0.3 OK
r-oldrel-windows-ix86+x86_64 2.0.3 24.00 7.00 31.00 ERROR
r-oldrel-osx-x86_64 2.0.3 OK

Check Details

Version: 2.0.3
Check: whether package can be installed
Result: ERROR
    Installation failed.
Flavors: r-devel-windows-ix86+x86_64, r-devel-windows-ix86+x86_64-gcc8, r-release-windows-ix86+x86_64, r-oldrel-windows-ix86+x86_64