CRAN Package Check Results for Package Rmpfr

Last updated on 2019-11-14 00:53:11 CET.

Flavor Version Tinstall Tcheck Ttotal Status Flags
r-devel-linux-x86_64-debian-clang 0.7-2 23.69 337.07 360.76 WARN
r-devel-linux-x86_64-debian-gcc 0.7-2 15.99 255.38 271.37 WARN
r-devel-linux-x86_64-fedora-clang 0.7-2 452.11 WARN
r-devel-linux-x86_64-fedora-gcc 0.7-2 447.40 WARN
r-devel-windows-ix86+x86_64 0.7-2 42.00 1145.00 1187.00 OK
r-patched-linux-x86_64 0.7-2 18.31 331.46 349.77 OK
r-patched-solaris-x86 0.7-2 781.60 OK
r-release-linux-x86_64 0.7-2 20.04 338.61 358.65 OK
r-release-windows-ix86+x86_64 0.7-2 61.00 948.00 1009.00 OK
r-release-osx-x86_64 0.7-2 OK
r-oldrel-windows-ix86+x86_64 0.7-2 30.00 1152.00 1182.00 OK
r-oldrel-osx-x86_64 0.7-2 OK

Check Details

Version: 0.7-2
Check: whether package can be installed
Result: WARN
    Found the following significant warnings:
     'config' variable 'CPP' is deprecated
Flavors: r-devel-linux-x86_64-debian-clang, r-devel-linux-x86_64-debian-gcc, r-devel-linux-x86_64-fedora-clang, r-devel-linux-x86_64-fedora-gcc