CRAN Package Check Results for Package Rsampletrees

Last updated on 2020-04-01 18:48:29 CEST.

Flavor Version Tinstall Tcheck Ttotal Status Flags
r-devel-linux-x86_64-debian-clang 1.0.3 141.43 100.02 241.45 OK
r-devel-linux-x86_64-debian-gcc 1.0.3 83.37 76.11 159.48 OK
r-devel-linux-x86_64-fedora-clang 1.0.3 319.07 NOTE
r-devel-linux-x86_64-fedora-gcc 1.0.3 280.05 OK
r-devel-windows-ix86+x86_64 1.0.3 251.00 159.00 410.00 OK
r-devel-windows-ix86+x86_64-gcc8 1.0.3 239.00 169.00 408.00 OK
r-patched-linux-x86_64 1.0.3 92.05 91.06 183.11 OK
r-patched-solaris-x86 1.0.3 321.80 OK
r-release-linux-x86_64 1.0.3 83.38 84.84 168.22 OK
r-release-windows-ix86+x86_64 1.0.3 230.00 217.00 447.00 OK
r-release-osx-x86_64 1.0.3 ERROR
r-oldrel-windows-ix86+x86_64 1.0.3 173.00 7.00 180.00 ERROR
r-oldrel-osx-x86_64 1.0.3 OK

Check Details

Version: 1.0.3
Check: installed package size
Result: NOTE
     installed size is 5.9Mb
     sub-directories of 1Mb or more:
     libs 5.4Mb
Flavor: r-devel-linux-x86_64-fedora-clang

Version: 1.0.3
Check: whether package can be installed
Result: ERROR
    Installation failed.
Flavors: r-release-osx-x86_64, r-oldrel-windows-ix86+x86_64