CRAN Package Check Results for Package Rvcg

Last updated on 2020-05-26 01:58:01 CEST.

Flavor Version Tinstall Tcheck Ttotal Status Flags
r-devel-linux-x86_64-debian-clang 0.19.1 719.07 42.82 761.89 OK
r-devel-linux-x86_64-debian-gcc 0.19.1 566.96 38.66 605.62 OK
r-devel-linux-x86_64-fedora-clang 0.19.1 1092.65 NOTE
r-devel-linux-x86_64-fedora-gcc 0.19.1 1023.31 OK
r-devel-windows-ix86+x86_64 0.19.1 1755.00 147.00 1902.00 NOTE
r-patched-linux-x86_64 0.19.1 604.12 48.35 652.47 OK
r-patched-solaris-x86 0.19.1 833.70 OK
r-release-linux-x86_64 0.19.1 596.11 47.49 643.60 OK
r-release-osx-x86_64 0.19.1 NOTE
r-release-windows-ix86+x86_64 0.19.1 1254.00 150.00 1404.00 NOTE
r-oldrel-osx-x86_64 0.19.1 NOTE
r-oldrel-windows-ix86+x86_64 0.19.1 1266.00 121.00 1387.00 NOTE

Check Details

Version: 0.19.1
Check: installed package size
Result: NOTE
     installed size is 58.6Mb
     sub-directories of 1Mb or more:
     libs 57.8Mb
Flavors: r-devel-linux-x86_64-fedora-clang, r-devel-windows-ix86+x86_64, r-release-osx-x86_64, r-release-windows-ix86+x86_64, r-oldrel-osx-x86_64, r-oldrel-windows-ix86+x86_64