CRAN Package Check Results for Package Ryacas0

Last updated on 2020-04-05 02:50:44 CEST.

Flavor Version Tinstall Tcheck Ttotal Status Flags
r-devel-linux-x86_64-debian-clang 0.4.2 95.32 110.07 205.39 OK
r-devel-linux-x86_64-debian-gcc 0.4.2 61.83 82.88 144.71 OK
r-devel-linux-x86_64-fedora-clang 0.4.2 276.47 NOTE
r-devel-linux-x86_64-fedora-gcc 0.4.2 260.42 OK
r-devel-windows-ix86+x86_64 0.4.2 168.00 159.00 327.00 OK
r-devel-windows-ix86+x86_64-gcc8 0.4.2 212.00 159.00 371.00 OK
r-patched-linux-x86_64 0.4.2 73.24 107.44 180.68 OK
r-patched-solaris-x86 0.4.2 264.60 OK
r-release-linux-x86_64 0.4.2 72.38 99.36 171.74 OK
r-release-windows-ix86+x86_64 0.4.2 186.00 210.00 396.00 OK
r-release-osx-x86_64 0.4.2 NOTE
r-oldrel-windows-ix86+x86_64 0.4.2 241.00 147.00 388.00 OK
r-oldrel-osx-x86_64 0.4.2 NOTE

Check Details

Version: 0.4.2
Check: installed package size
Result: NOTE
     installed size is 10.7Mb
     sub-directories of 1Mb or more:
     libs 8.7Mb
     yacas 1.5Mb
Flavors: r-devel-linux-x86_64-fedora-clang, r-release-osx-x86_64, r-oldrel-osx-x86_64