CRAN Package Check Results for Package SARP.compo

Last updated on 2019-10-20 01:47:01 CEST.

Flavor Version Tinstall Tcheck Ttotal Status Flags
r-devel-linux-x86_64-debian-clang 0.1.0 6.08 61.37 67.45 NOTE
r-devel-linux-x86_64-debian-gcc 0.1.0 5.27 46.38 51.65 NOTE
r-devel-linux-x86_64-fedora-clang 0.1.0 79.05 NOTE
r-devel-linux-x86_64-fedora-gcc 0.1.0 83.65 NOTE
r-devel-windows-ix86+x86_64 0.1.0 16.00 116.00 132.00 OK
r-patched-linux-x86_64 0.1.0 4.82 58.99 63.81 OK
r-patched-solaris-x86 0.1.0 115.30 OK
r-release-linux-x86_64 0.1.0 6.31 59.58 65.89 OK
r-release-windows-ix86+x86_64 0.1.0 16.00 115.00 131.00 OK
r-release-osx-x86_64 0.1.0 OK
r-oldrel-windows-ix86+x86_64 0.1.0 9.00 68.00 77.00 OK
r-oldrel-osx-x86_64 0.1.0 OK

Check Details

Version: 0.1.0
Check: for non-standard things in the check directory
Result: NOTE
    Found the following files/directories:
     'fichier_test.csv'
Flavors: r-devel-linux-x86_64-debian-clang, r-devel-linux-x86_64-debian-gcc, r-devel-linux-x86_64-fedora-clang, r-devel-linux-x86_64-fedora-gcc