CRAN Package Check Results for Package SARP.moodle

Last updated on 2019-11-18 00:54:33 CET.

Flavor Version Tinstall Tcheck Ttotal Status Flags
r-devel-linux-x86_64-debian-clang 0.3.10 2.65 22.53 25.18 NOTE
r-devel-linux-x86_64-debian-gcc 0.3.10 2.08 17.98 20.06 NOTE
r-devel-linux-x86_64-fedora-clang 0.3.10 30.69 NOTE
r-devel-linux-x86_64-fedora-gcc 0.3.10 30.03 NOTE
r-devel-windows-ix86+x86_64 0.3.10 6.00 34.00 40.00 OK
r-patched-linux-x86_64 0.3.10 2.54 21.05 23.59 OK
r-patched-solaris-x86 0.3.10 43.10 OK
r-release-linux-x86_64 0.3.10 2.25 21.34 23.59 OK
r-release-windows-ix86+x86_64 0.3.10 6.00 41.00 47.00 OK
r-release-osx-x86_64 0.3.10 OK
r-oldrel-windows-ix86+x86_64 0.3.10 3.00 39.00 42.00 OK
r-oldrel-osx-x86_64 0.3.10 OK

Check Details

Version: 0.3.10
Check: for non-standard things in the check directory
Result: NOTE
    Found the following files/directories:
     'exemple.QCM.xml' 'exemple.VF.xml' 'exemple.affichages.xml'
     'exemple.categorie.xml' 'exemple.image.xml' 'exemple.libre.xml'
     'exemple.numerique.xml' 'exemple.ouverte.xml' 'exemple.qroc.xml'
     'exemple.question.xml' 'exemple.xml'
Flavors: r-devel-linux-x86_64-debian-clang, r-devel-linux-x86_64-debian-gcc, r-devel-linux-x86_64-fedora-clang, r-devel-linux-x86_64-fedora-gcc