CRAN Package Check Results for Package SDraw

Last updated on 2020-05-31 01:48:53 CEST.

Flavor Version Tinstall Tcheck Ttotal Status Flags
r-devel-linux-x86_64-debian-clang 2.1.11 16.40 264.33 280.73 OK
r-devel-linux-x86_64-debian-gcc 2.1.11 14.57 154.19 168.76 OK
r-devel-linux-x86_64-fedora-clang 2.1.11 266.96 NOTE
r-devel-linux-x86_64-fedora-gcc 2.1.11 340.06 NOTE
r-devel-windows-ix86+x86_64 2.1.11 59.00 416.00 475.00 OK
r-patched-linux-x86_64 2.1.11 11.15 254.24 265.39 OK
r-patched-solaris-x86 2.1.11 1240.90 NOTE
r-release-linux-x86_64 2.1.11 13.56 254.23 267.79 OK
r-release-osx-x86_64 2.1.11 WARN
r-release-windows-ix86+x86_64 2.1.11 31.00 267.00 298.00 OK
r-oldrel-osx-x86_64 2.1.11 NOTE
r-oldrel-windows-ix86+x86_64 2.1.11 33.00 293.00 326.00 OK

Check Details

Version: 2.1.11
Check: dependencies in R code
Result: NOTE
    Namespace in Imports field not imported from: ‘covr’
     All declared Imports should be used.
Flavors: r-devel-linux-x86_64-fedora-clang, r-devel-linux-x86_64-fedora-gcc, r-patched-solaris-x86, r-release-osx-x86_64, r-oldrel-osx-x86_64

Version: 2.1.11
Check: re-building of vignette outputs
Result: WARN
    Error(s) in re-building vignettes:
    --- re-building ‘BASPoints.Rmd’ using rmarkdown
    dyld: lazy symbol binding failed: Symbol not found: ____chkstk_darwin
     Referenced from: /usr/local/bin/pandoc (which was built for Mac OS X 10.15)
     Expected in: /usr/lib/libSystem.B.dylib
    
    dyld: Symbol not found: ____chkstk_darwin
     Referenced from: /usr/local/bin/pandoc (which was built for Mac OS X 10.15)
     Expected in: /usr/lib/libSystem.B.dylib
    
    Error: processing vignette 'BASPoints.Rmd' failed with diagnostics:
    pandoc document conversion failed with error 6
    --- failed re-building ‘BASPoints.Rmd’
    
    --- re-building ‘HIPPoints.Rmd’ using rmarkdown
    dyld: lazy symbol binding failed: Symbol not found: ____chkstk_darwin
     Referenced from: /usr/local/bin/pandoc (which was built for Mac OS X 10.15)
     Expected in: /usr/lib/libSystem.B.dylib
    
    dyld: Symbol not found: ____chkstk_darwin
     Referenced from: /usr/local/bin/pandoc (which was built for Mac OS X 10.15)
     Expected in: /usr/lib/libSystem.B.dylib
    
    Error: processing vignette 'HIPPoints.Rmd' failed with diagnostics:
    pandoc document conversion failed with error 6
    --- failed re-building ‘HIPPoints.Rmd’
    
    --- re-building ‘HIPPolygons.Rmd’ using rmarkdown
    dyld: lazy symbol binding failed: Symbol not found: ____chkstk_darwin
     Referenced from: /usr/local/bin/pandoc (which was built for Mac OS X 10.15)
     Expected in: /usr/lib/libSystem.B.dylib
    
    dyld: Symbol not found: ____chkstk_darwin
     Referenced from: /usr/local/bin/pandoc (which was built for Mac OS X 10.15)
     Expected in: /usr/lib/libSystem.B.dylib
    
    Error: processing vignette 'HIPPolygons.Rmd' failed with diagnostics:
    pandoc document conversion failed with error 6
    --- failed re-building ‘HIPPolygons.Rmd’
    
    SUMMARY: processing the following files failed:
     ‘BASPoints.Rmd’ ‘HIPPoints.Rmd’ ‘HIPPolygons.Rmd’
    
    Error: Vignette re-building failed.
    Execution halted
Flavor: r-release-osx-x86_64