CRAN Package Check Results for Package SEMrushR

Last updated on 2020-04-03 04:47:36 CEST.

Flavor Version Tinstall Tcheck Ttotal Status Flags
r-devel-linux-x86_64-debian-clang 0.1.0 1.92 20.01 21.93 NOTE
r-devel-linux-x86_64-debian-gcc 0.1.0 1.56 15.97 17.53 NOTE
r-devel-linux-x86_64-fedora-clang 0.1.0 27.24 OK
r-devel-linux-x86_64-fedora-gcc 0.1.0 26.55 OK
r-devel-windows-ix86+x86_64 0.1.0 6.00 33.00 39.00 NOTE
r-devel-windows-ix86+x86_64-gcc8 0.1.0 5.00 33.00 38.00 NOTE
r-patched-linux-x86_64 0.1.0 1.64 19.54 21.18 NOTE
r-patched-solaris-x86 0.1.0 43.70 OK
r-release-linux-x86_64 0.1.0 1.40 18.28 19.68 OK
r-release-windows-ix86+x86_64 0.1.0 4.00 36.00 40.00 OK
r-release-osx-x86_64 0.1.0 OK
r-oldrel-windows-ix86+x86_64 0.1.0 5.00 33.00 38.00 OK
r-oldrel-osx-x86_64 0.1.0 OK

Check Details

Version: 0.1.0
Check: package vignettes
Result: NOTE
    Package vignette with placeholder title 'Vignette Title':
     'introduction-to-package-SEMrushR-.Rmd'
Flavors: r-devel-linux-x86_64-debian-clang, r-devel-linux-x86_64-debian-gcc, r-devel-windows-ix86+x86_64, r-devel-windows-ix86+x86_64-gcc8, r-patched-linux-x86_64