CRAN Package Check Results for Package SGPdata

Last updated on 2020-07-04 02:50:40 CEST.

Flavor Version Tinstall Tcheck Ttotal Status Flags
r-devel-linux-x86_64-debian-clang 23.0-0.0 11.46 42.58 54.04 OK
r-devel-linux-x86_64-debian-gcc 23.0-0.0 12.16 33.88 46.04 OK
r-devel-linux-x86_64-fedora-clang 23.0-0.0 80.56 NOTE
r-devel-linux-x86_64-fedora-gcc 23.0-0.0 69.34 OK
r-devel-windows-ix86+x86_64 23.0-0.0 28.00 74.00 102.00 NOTE
r-patched-linux-x86_64 23.0-0.0 13.89 41.05 54.94 OK
r-patched-solaris-x86 23.0-0.0 111.20 WARN
r-release-linux-x86_64 23.0-0.0 12.50 40.92 53.42 OK
r-release-osx-x86_64 23.0-0.0 NOTE
r-release-windows-ix86+x86_64 23.0-0.0 21.00 57.00 78.00 NOTE
r-oldrel-osx-x86_64 23.0-0.0 WARN
r-oldrel-windows-ix86+x86_64 23.0-0.0 19.00 77.00 96.00 NOTE

Check Details

Version: 23.0-0.0
Check: installed package size
Result: NOTE
     installed size is 8.0Mb
     sub-directories of 1Mb or more:
     data 7.8Mb
Flavors: r-devel-linux-x86_64-fedora-clang, r-devel-windows-ix86+x86_64, r-patched-solaris-x86, r-release-osx-x86_64, r-release-windows-ix86+x86_64, r-oldrel-osx-x86_64, r-oldrel-windows-ix86+x86_64

Version: 23.0-0.0
Check: re-building of vignette outputs
Result: WARN
    Error(s) in re-building vignettes:
     ...
    --- re-building ‘SGPdata.Rmd’ using rmarkdown
    Warning in engine$weave(file, quiet = quiet, encoding = enc) :
     Pandoc (>= 1.12.3) and/or pandoc-citeproc not available. Falling back to R Markdown v1.
    Quitting from lines 13-28 (SGPdata.Rmd)
    Error: processing vignette 'SGPdata.Rmd' failed with diagnostics:
    argument is of length zero
    --- failed re-building ‘SGPdata.Rmd’
    
    SUMMARY: processing the following file failed:
     ‘SGPdata.Rmd’
    
    Error: Vignette re-building failed.
    Execution halted
Flavors: r-patched-solaris-x86, r-oldrel-osx-x86_64