CRAN Package Check Results for Package SISIR

Last updated on 2020-06-03 01:50:58 CEST.

Flavor Version Tinstall Tcheck Ttotal Status Flags
r-devel-linux-x86_64-debian-clang 0.1 6.95 72.01 78.96 WARN
r-devel-linux-x86_64-debian-gcc 0.1 6.33 56.12 62.45 WARN
r-devel-linux-x86_64-fedora-clang 0.1 104.12 WARN
r-devel-linux-x86_64-fedora-gcc 0.1 92.92 WARN
r-devel-windows-ix86+x86_64 0.1 20.00 80.00 100.00 WARN
r-patched-linux-x86_64 0.1 6.84 71.03 77.87 OK
r-patched-solaris-x86 0.1 146.30 OK
r-release-linux-x86_64 0.1 7.44 71.73 79.17 OK
r-release-osx-x86_64 0.1 OK
r-release-windows-ix86+x86_64 0.1 14.00 127.00 141.00 OK
r-oldrel-osx-x86_64 0.1 OK
r-oldrel-windows-ix86+x86_64 0.1 14.00 76.00 90.00 OK

Check Details

Version: 0.1
Check: whether the namespace can be loaded with stated dependencies
Result: WARN
    Warning: S4 exports specified in 'NAMESPACE' but not defined in package 'SISIR'
Flavors: r-devel-linux-x86_64-debian-clang, r-devel-linux-x86_64-debian-gcc, r-devel-linux-x86_64-fedora-clang, r-devel-linux-x86_64-fedora-gcc

Version: 0.1
Check: whether package can be installed
Result: WARN
    Found the following significant warnings:
     Warning: S4 exports specified in 'NAMESPACE' but not defined in package 'SISIR'
Flavor: r-devel-windows-ix86+x86_64

Version: 0.1
Check: whether the namespace can be loaded with stated dependencies
Result: NOTE
    Warning: S4 exports specified in 'NAMESPACE' but not defined in package 'SISIR'
    
    A namespace must be able to be loaded with just the base namespace
    loaded: otherwise if the namespace gets loaded by a saved object, the
    session will be unable to start.
    
    Probably some imports need to be declared in the NAMESPACE file.
Flavor: r-devel-windows-ix86+x86_64