CRAN Package Check Results for Package SMARTp

Last updated on 2020-05-28 01:53:29 CEST.

Flavor Version Tinstall Tcheck Ttotal Status Flags
r-devel-linux-x86_64-debian-clang 0.1.1 3.21 34.03 37.24 OK
r-devel-linux-x86_64-debian-gcc 0.1.1 2.51 26.96 29.47 OK
r-devel-linux-x86_64-fedora-clang 0.1.1 56.18 NOTE
r-devel-linux-x86_64-fedora-gcc 0.1.1 45.87 NOTE
r-devel-windows-ix86+x86_64 0.1.1 14.00 63.00 77.00 OK
r-patched-linux-x86_64 0.1.1 2.83 33.65 36.48 OK
r-patched-solaris-x86 0.1.1 78.90 NOTE
r-release-linux-x86_64 0.1.1 3.07 34.05 37.12 OK
r-release-osx-x86_64 0.1.1 NOTE
r-release-windows-ix86+x86_64 0.1.1 9.00 63.00 72.00 OK
r-oldrel-osx-x86_64 0.1.1 NOTE
r-oldrel-windows-ix86+x86_64 0.1.1 7.00 48.00 55.00 OK

Check Details

Version: 0.1.1
Check: dependencies in R code
Result: NOTE
    Namespace in Imports field not imported from: ‘covr’
     All declared Imports should be used.
Flavors: r-devel-linux-x86_64-fedora-clang, r-devel-linux-x86_64-fedora-gcc, r-patched-solaris-x86, r-release-osx-x86_64, r-oldrel-osx-x86_64