CRAN Package Check Results for Package SMARTp

Last updated on 2019-10-17 02:47:35 CEST.

Flavor Version Tinstall Tcheck Ttotal Status Flags
r-devel-linux-x86_64-debian-clang 0.1.1 2.42 31.12 33.54 OK
r-devel-linux-x86_64-debian-gcc 0.1.1 2.27 25.04 27.31 OK
r-devel-linux-x86_64-fedora-clang 0.1.1 44.02 NOTE
r-devel-linux-x86_64-fedora-gcc 0.1.1 42.87 NOTE
r-devel-windows-ix86+x86_64 0.1.1 11.00 43.00 54.00 OK
r-patched-linux-x86_64 0.1.1 2.39 30.46 32.85 OK
r-patched-solaris-x86 0.1.1 73.40 NOTE
r-release-linux-x86_64 0.1.1 2.33 30.41 32.74 OK
r-release-windows-ix86+x86_64 0.1.1 6.00 62.00 68.00 OK
r-release-osx-x86_64 0.1.1 NOTE
r-oldrel-windows-ix86+x86_64 0.1.1 4.00 44.00 48.00 OK
r-oldrel-osx-x86_64 0.1.1 NOTE

Check Details

Version: 0.1.1
Check: dependencies in R code
Result: NOTE
    Namespace in Imports field not imported from: ‘covr’
     All declared Imports should be used.
Flavors: r-devel-linux-x86_64-fedora-clang, r-devel-linux-x86_64-fedora-gcc, r-patched-solaris-x86, r-release-osx-x86_64, r-oldrel-osx-x86_64