CRAN Package Check Results for Package SNPknock

Last updated on 2020-05-25 01:49:04 CEST.

Flavor Version Tinstall Tcheck Ttotal Status Flags
r-devel-linux-x86_64-debian-clang 0.8.2 74.55 222.24 296.79 OK
r-devel-linux-x86_64-debian-gcc 0.8.2 59.57 154.94 214.51 OK
r-devel-linux-x86_64-fedora-clang 0.8.2 363.52 NOTE
r-devel-linux-x86_64-fedora-gcc 0.8.2 335.02 OK
r-devel-windows-ix86+x86_64 0.8.2 198.00 459.00 657.00 NOTE
r-patched-linux-x86_64 0.8.2 58.83 210.67 269.50 OK
r-patched-solaris-x86 0.8.2 493.50 OK
r-release-linux-x86_64 0.8.2 64.52 211.28 275.80 OK
r-release-osx-x86_64 0.8.2 NOTE
r-release-windows-ix86+x86_64 0.8.2 145.00 473.00 618.00 NOTE
r-oldrel-osx-x86_64 0.8.2 NOTE
r-oldrel-windows-ix86+x86_64 0.8.2 148.00 361.00 509.00 NOTE

Check Details

Version: 0.8.2
Check: installed package size
Result: NOTE
     installed size is 6.5Mb
     sub-directories of 1Mb or more:
     extdata 3.1Mb
     libs 3.0Mb
Flavors: r-devel-linux-x86_64-fedora-clang, r-devel-windows-ix86+x86_64, r-release-osx-x86_64, r-release-windows-ix86+x86_64, r-oldrel-osx-x86_64, r-oldrel-windows-ix86+x86_64