CRAN Package Check Results for Package SNPknock

Last updated on 2020-09-15 02:53:31 CEST.

Flavor Version Tinstall Tcheck Ttotal Status Flags
r-devel-linux-x86_64-debian-clang 0.8.2 77.79 225.67 303.46 OK
r-devel-linux-x86_64-debian-gcc 0.8.2 61.75 159.48 221.23 OK
r-devel-linux-x86_64-fedora-clang 0.8.2 368.21 NOTE
r-devel-linux-x86_64-fedora-gcc 0.8.2 347.60 OK
r-devel-windows-ix86+x86_64 0.8.2 181.00 469.00 650.00 NOTE
r-patched-linux-x86_64 0.8.2 61.21 205.47 266.68 OK
r-patched-solaris-x86 0.8.2 503.00 OK
r-release-linux-x86_64 0.8.2 60.10 212.76 272.86 OK
r-release-macos-x86_64 0.8.2 NOTE
r-release-windows-ix86+x86_64 0.8.2 141.00 479.00 620.00 NOTE
r-oldrel-macos-x86_64 0.8.2 NOTE
r-oldrel-windows-ix86+x86_64 0.8.2 120.00 425.00 545.00 NOTE

Check Details

Version: 0.8.2
Check: installed package size
Result: NOTE
     installed size is 6.5Mb
     sub-directories of 1Mb or more:
     extdata 3.1Mb
     libs 3.0Mb
Flavors: r-devel-linux-x86_64-fedora-clang, r-devel-windows-ix86+x86_64, r-release-macos-x86_64, r-release-windows-ix86+x86_64, r-oldrel-macos-x86_64, r-oldrel-windows-ix86+x86_64