CRAN Package Check Results for Package SNPknock

Last updated on 2019-10-18 01:46:39 CEST.

Flavor Version Tinstall Tcheck Ttotal Status Flags
r-devel-linux-x86_64-debian-clang 0.8.2 70.52 199.97 270.49 OK
r-devel-linux-x86_64-debian-gcc 0.8.2 53.47 145.73 199.20 OK
r-devel-linux-x86_64-fedora-clang 0.8.2 335.20 NOTE
r-devel-linux-x86_64-fedora-gcc 0.8.2 325.20 OK
r-devel-windows-ix86+x86_64 0.8.2 182.00 318.00 500.00 NOTE
r-patched-linux-x86_64 0.8.2 53.46 189.70 243.16 OK
r-patched-solaris-x86 0.8.2 483.10 OK
r-release-linux-x86_64 0.8.2 56.21 192.20 248.41 OK
r-release-windows-ix86+x86_64 0.8.2 125.00 304.00 429.00 NOTE
r-release-osx-x86_64 0.8.2 NOTE
r-oldrel-windows-ix86+x86_64 0.8.2 140.00 307.00 447.00 NOTE
r-oldrel-osx-x86_64 0.8.2 NOTE

Check Details

Version: 0.8.2
Check: installed package size
Result: NOTE
     installed size is 6.0Mb
     sub-directories of 1Mb or more:
     extdata 3.1Mb
     libs 2.6Mb
Flavors: r-devel-linux-x86_64-fedora-clang, r-devel-windows-ix86+x86_64, r-release-windows-ix86+x86_64, r-release-osx-x86_64, r-oldrel-windows-ix86+x86_64, r-oldrel-osx-x86_64