CRAN Package Check Results for Package SSN

Last updated on 2020-05-28 01:53:30 CEST.

Flavor Version Tinstall Tcheck Ttotal Status Flags
r-devel-linux-x86_64-debian-clang 1.1.15 21.58 190.67 212.25 OK
r-devel-linux-x86_64-debian-gcc 1.1.15 17.95 147.35 165.30 OK
r-devel-linux-x86_64-fedora-clang 1.1.15 265.80 OK
r-devel-linux-x86_64-fedora-gcc 1.1.15 254.56 OK
r-devel-windows-ix86+x86_64 1.1.15 60.00 407.00 467.00 OK
r-patched-linux-x86_64 1.1.15 22.75 187.57 210.32 OK
r-patched-solaris-x86 1.1.15 374.40 NOTE
r-release-linux-x86_64 1.1.15 20.38 190.43 210.81 OK
r-release-osx-x86_64 1.1.15 OK
r-release-windows-ix86+x86_64 1.1.15 48.00 405.00 453.00 OK
r-oldrel-osx-x86_64 1.1.15 OK
r-oldrel-windows-ix86+x86_64 1.1.15 41.00 308.00 349.00 OK

Check Details

Version: 1.1.15
Check: installed package size
Result: NOTE
     installed size is 5.4Mb
     sub-directories of 1Mb or more:
     lsndata 2.9Mb
Flavor: r-patched-solaris-x86