CRAN Package Check Results for Package SemNetCleaner

Last updated on 2020-05-25 01:49:04 CEST.

Flavor Version Tinstall Tcheck Ttotal Status Flags
r-devel-linux-x86_64-debian-clang 1.1.5 4.62 58.08 62.70 OK
r-devel-linux-x86_64-debian-gcc 1.1.5 3.06 41.41 44.47 OK
r-devel-linux-x86_64-fedora-clang 1.1.5 70.23 NOTE
r-devel-linux-x86_64-fedora-gcc 1.1.5 66.96 NOTE
r-devel-windows-ix86+x86_64 1.1.5 12.00 75.00 87.00 ERROR
r-patched-linux-x86_64 1.1.5 4.39 50.78 55.17 OK
r-patched-solaris-x86 1.1.5 100.30 NOTE
r-release-linux-x86_64 1.1.5 4.45 50.30 54.75 OK
r-release-osx-x86_64 1.1.5 NOTE
r-release-windows-ix86+x86_64 1.1.5 11.00 70.00 81.00 OK
r-oldrel-osx-x86_64 1.1.5 NOTE
r-oldrel-windows-ix86+x86_64 1.1.5 8.00 94.00 102.00 OK

Check Details

Version: 1.1.5
Check: dependencies in R code
Result: NOTE
    Namespaces in Imports field not imported from:
     ‘htmlTable’ ‘knitr’ ‘rmarkdown’
     All declared Imports should be used.
Flavors: r-devel-linux-x86_64-fedora-clang, r-devel-linux-x86_64-fedora-gcc, r-patched-solaris-x86, r-release-osx-x86_64

Version: 1.1.5
Check: data for non-ASCII characters
Result: NOTE
     Note: found 1 marked UTF-8 string
Flavors: r-devel-linux-x86_64-fedora-clang, r-devel-linux-x86_64-fedora-gcc, r-patched-solaris-x86, r-release-osx-x86_64, r-oldrel-osx-x86_64

Version: 1.1.5
Check: data for non-ASCII characters
Result: WARN
     Warning: found non-ASCII string
     '<a0>anticorruption' in object 'lead.word'
Flavor: r-devel-windows-ix86+x86_64

Version: 1.1.5
Check: examples
Result: ERROR
    Running examples in 'SemNetCleaner-Ex.R' failed
    The error most likely occurred in:
    
    > ### Name: bin2resp
    > ### Title: Binary Responses to Character Responses
    > ### Aliases: bin2resp
    >
    > ### ** Examples
    >
    > # Toy example
    > raw <- open.animals[c(1:10),-c(1:3)]
    >
    > # Clean and prepocess data
    > clean <- textcleaner(raw, partBY = "row", dictionary = "animals")
    IDs refer to row number
Flavor: r-devel-windows-ix86+x86_64

Version: 1.1.5
Check: dependencies in R code
Result: NOTE
    No protocol specified
    No protocol specified
    Namespaces in Imports field not imported from:
     ‘htmlTable’ ‘knitr’ ‘rmarkdown’
     All declared Imports should be used.
Flavor: r-oldrel-osx-x86_64