CRAN Package Check Results for Package SemNetCleaner

Last updated on 2019-10-14 01:46:35 CEST.

Flavor Version Tinstall Tcheck Ttotal Status Flags
r-devel-linux-x86_64-debian-clang 1.1.1 3.40 49.44 52.84 OK
r-devel-linux-x86_64-debian-gcc 1.1.1 3.04 34.14 37.18 OK
r-devel-linux-x86_64-fedora-clang 1.1.1 60.67 NOTE
r-devel-linux-x86_64-fedora-gcc 1.1.1 56.37 NOTE
r-devel-windows-ix86+x86_64 1.1.1 8.00 82.00 90.00 OK
r-patched-linux-x86_64 1.1.1 3.14 41.18 44.32 OK
r-patched-solaris-x86 1.1.1 87.50 NOTE
r-release-linux-x86_64 1.1.1 4.08 41.64 45.72 OK
r-release-windows-ix86+x86_64 1.1.1 11.00 56.00 67.00 OK
r-release-osx-x86_64 1.1.1 ERROR
r-oldrel-windows-ix86+x86_64 1.1.1 5.00 50.00 55.00 OK
r-oldrel-osx-x86_64 1.1.1 ERROR

Check Details

Version: 1.1.1
Check: data for non-ASCII characters
Result: NOTE
     Note: found 1 marked UTF-8 string
Flavors: r-devel-linux-x86_64-fedora-clang, r-devel-linux-x86_64-fedora-gcc, r-patched-solaris-x86, r-release-osx-x86_64, r-oldrel-osx-x86_64

Version: 1.1.1
Check: dependencies in R code
Result: NOTE
    No protocol specified
    No protocol specified
Flavors: r-release-osx-x86_64, r-oldrel-osx-x86_64

Version: 1.1.1
Check: examples
Result: ERROR
    Running examples in ‘SemNetCleaner-Ex.R’ failed
    The error most likely occurred in:
    
    > ### Name: bin2resp
    > ### Title: Binary Responses to Character Responses
    > ### Aliases: bin2resp
    >
    > ### ** Examples
    >
    > # Toy example
    > raw <- open.animals[c(1:10),-c(1:3)]
    >
    > # Clean and prepocess data
    > clean <- textcleaner(raw, partBY = "row", dictionary = "animals")
    IDs refer to row number
    An appropriate singular form for polar bear was not found
    Returning the original word
    An appropriate singular form for panda bear was not found
    Returning the original word
    An appropriate singular form for black bear was not found
    Returning the original word
    An appropriate singular form for kodiak bear was not found
    Returning the original word
    An appropriate singular form for panda bear was not found
    Returning the original word
    An appropriate singular form for polar bear was not found
    Returning the original word
    An appropriate singular form for clownfish was not found
    Returning the original word
    An appropriate singular form for guinea pig was not found
    Returning the original word
    An appropriate singular form for shih tzu was not found
    Returning the original word
    An appropriate singular form for golden retriever was not found
    Returning the original word
    An appropriate singular form for russian blue was not found
    Returning the original word
    An appropriate singular form for sperm whale was not found
    Returning the original word
    An appropriate singular form for polar bear was not found
    Returning the original word
    An appropriate singular form for panda was not found
    Returning the original word
    An appropriate singular form for koala was not found
    Returning the original word
    An appropriate singular form for zebra was not found
    Returning the original word
    An appropriate singular form for octopus was not found
    Returning the original word
    An appropriate singular form for gorilla was not found
    Returning the original word
    An appropriate singular form for clownfish was not found
    Returning the original word
    An appropriate singular form for rhinoceros was not found
    Returning the original word
    An appropriate singular form for alpaca was not found
    Returning the original word
    An appropriate singular form for was not found
    Returning the original word
    An appropriate singular form for guinea pig was not found
    Returning the original word
    An appropriate singular form for sting ray was not found
    Returning the original word
    An appropriate singular form for shih tzu was not found
    Returning the original word
    An appropriate singular form for farrot was not found
    Returning the original word
    An appropriate singular form for cantelope was not found
    Returning the original word
    An appropriate singular form for figh was not found
    Returning the original word
    An appropriate singular form for golden retriever was not found
    Returning the original word
    An appropriate singular form for birsd was not found
    Returning the original word
    An appropriate singular form for zebro was not found
    Returning the original word
    An appropriate singular form for russian blue was not found
    Returning the original word
    An appropriate singular form for orca was not found
    Returning the original word
    An appropriate singular form for sperm whale was not found
    Returning the original word
    An appropriate singular form for polar bear was not found
    Returning the original word
    An appropriate singular form for panda was not found
    Returning the original word
    An appropriate singular form for koala was not found
    Returning the original word
    An appropriate singular form for gorilla was not found
    Returning the original word
    An appropriate singular form for zebra was not found
    Returning the original word
    An appropriate singular form for octopus was not found
    Returning the original word
    An appropriate singular form for gorilla was not found
    Returning the original word
    An appropriate singular form for clownfish was not found
    Returning the original word
    An appropriate singular form for rhinoceros was not found
    Returning the original word
    An appropriate singular form for alpaca was not found
    Returning the original word
    An appropriate singular form for was not found
    Returning the original word
    An appropriate singular form for guinea pig was not found
    Returning the original word
    An appropriate singular form for sting ray was not found
    Returning the original word
    An appropriate singular form for shih tzu was not found
    Returning the original word
    An appropriate singular form for farrot was not found
    Returning the original word
    An appropriate singular form for cantelope was not found
    Returning the original word
    An appropriate singular form for figh was not found
    Returning the original word
    An appropriate singular form for golden retriever was not found
    Returning the original word
    An appropriate singular form for birsd was not found
    Returning the original word
    An appropriate singular form for zebro was not found
    Returning the original word
    An appropriate singular form for russian blue was not found
    Returning the original word
    An appropriate singular form for orca was not found
    Returning the original word
    An appropriate singular form for sperm whale was not found
    Returning the original word
    No protocol specified
    No protocol specified
    Warning in fun(libname, pkgname) : couldn't connect to display ":0"
    Error in structure(.External(.C_dotTclObjv, objv), class = "tclObj") :
     [tcl] invalid command name "toplevel".
    Calls: textcleaner ... tktoplevel -> tkwidget -> tcl -> .Tcl.objv -> structure
    Execution halted
Flavors: r-release-osx-x86_64, r-oldrel-osx-x86_64