CRAN Package Check Results for Package SeqNet

Last updated on 2019-10-18 01:46:38 CEST.

Flavor Version Tinstall Tcheck Ttotal Status Flags
r-devel-linux-x86_64-debian-clang 1.0.0 54.99 50.35 105.34 OK
r-devel-linux-x86_64-debian-gcc 1.0.0 34.66 40.01 74.67 OK
r-devel-linux-x86_64-fedora-clang 1.0.0 146.30 NOTE
r-devel-linux-x86_64-fedora-gcc 1.0.0 133.91 NOTE
r-devel-windows-ix86+x86_64 1.0.0 116.00 129.00 245.00 NOTE
r-patched-linux-x86_64 1.0.0 39.85 50.57 90.42 OK
r-patched-solaris-x86 1.0.0 141.50 NOTE
r-release-linux-x86_64 1.0.0 40.34 50.67 91.01 OK
r-release-windows-ix86+x86_64 1.0.0 84.00 98.00 182.00 NOTE
r-release-osx-x86_64 1.0.0 NOTE
r-oldrel-windows-ix86+x86_64 1.0.0 79.00 82.00 161.00 NOTE
r-oldrel-osx-x86_64 1.0.0 NOTE

Check Details

Version: 1.0.0
Check: installed package size
Result: NOTE
     installed size is 8.2Mb
     sub-directories of 1Mb or more:
     data 6.9Mb
Flavors: r-devel-linux-x86_64-fedora-clang, r-devel-windows-ix86+x86_64, r-patched-solaris-x86, r-release-windows-ix86+x86_64, r-release-osx-x86_64, r-oldrel-windows-ix86+x86_64, r-oldrel-osx-x86_64

Version: 1.0.0
Check: dependencies in R code
Result: NOTE
    Namespace in Imports field not imported from: ‘RColorBrewer’
     All declared Imports should be used.
Flavors: r-devel-linux-x86_64-fedora-clang, r-devel-linux-x86_64-fedora-gcc, r-patched-solaris-x86, r-release-osx-x86_64, r-oldrel-osx-x86_64