CRAN Package Check Results for Package SimCorrMix

Last updated on 2020-05-31 01:48:54 CEST.

Flavor Version Tinstall Tcheck Ttotal Status Flags
r-devel-linux-x86_64-debian-clang 0.1.1 19.02 219.75 238.77 OK
r-devel-linux-x86_64-debian-gcc 0.1.1 16.27 160.46 176.73 OK
r-devel-linux-x86_64-fedora-clang 0.1.1 278.80 NOTE
r-devel-linux-x86_64-fedora-gcc 0.1.1 271.73 NOTE
r-devel-windows-ix86+x86_64 0.1.1 42.00 291.00 333.00 OK
r-patched-linux-x86_64 0.1.1 17.68 214.18 231.86 OK
r-patched-solaris-x86 0.1.1 362.20 NOTE
r-release-linux-x86_64 0.1.1 19.81 210.55 230.36 OK
r-release-osx-x86_64 0.1.1 NOTE
r-release-windows-ix86+x86_64 0.1.1 35.00 238.00 273.00 OK
r-oldrel-osx-x86_64 0.1.1 NOTE
r-oldrel-windows-ix86+x86_64 0.1.1 31.00 216.00 247.00 OK

Check Details

Version: 0.1.1
Check: dependencies in R code
Result: NOTE
    Namespaces in Imports field not imported from:
     ‘MASS’ ‘grid’
     All declared Imports should be used.
Flavors: r-devel-linux-x86_64-fedora-clang, r-devel-linux-x86_64-fedora-gcc, r-patched-solaris-x86, r-release-osx-x86_64, r-oldrel-osx-x86_64