CRAN Package Check Results for Package SimCorrMix

Last updated on 2019-10-17 02:47:35 CEST.

Flavor Version Tinstall Tcheck Ttotal Status Flags
r-devel-linux-x86_64-debian-clang 0.1.1 15.25 195.53 210.78 OK
r-devel-linux-x86_64-debian-gcc 0.1.1 12.05 147.75 159.80 OK
r-devel-linux-x86_64-fedora-clang 0.1.1 245.95 NOTE
r-devel-linux-x86_64-fedora-gcc 0.1.1 245.72 NOTE
r-devel-windows-ix86+x86_64 0.1.1 38.00 272.00 310.00 OK
r-patched-linux-x86_64 0.1.1 14.06 190.91 204.97 OK
r-patched-solaris-x86 0.1.1 319.50 NOTE
r-release-linux-x86_64 0.1.1 14.41 191.34 205.75 OK
r-release-windows-ix86+x86_64 0.1.1 25.00 195.00 220.00 OK
r-release-osx-x86_64 0.1.1 NOTE
r-oldrel-windows-ix86+x86_64 0.1.1 20.00 174.00 194.00 OK
r-oldrel-osx-x86_64 0.1.1 NOTE

Check Details

Version: 0.1.1
Check: dependencies in R code
Result: NOTE
    Namespaces in Imports field not imported from:
     ‘MASS’ ‘grid’
     All declared Imports should be used.
Flavors: r-devel-linux-x86_64-fedora-clang, r-devel-linux-x86_64-fedora-gcc, r-patched-solaris-x86, r-release-osx-x86_64, r-oldrel-osx-x86_64