CRAN Package Check Results for Package SimReg

Last updated on 2020-11-22 00:46:48 CET.

Flavor Version Tinstall Tcheck Ttotal Status Flags
r-devel-linux-x86_64-debian-clang 3.0 46.87 172.92 219.79 OK
r-devel-linux-x86_64-debian-gcc 3.0 38.14 127.28 165.42 OK
r-devel-linux-x86_64-fedora-clang 3.0 260.60 NOTE
r-devel-linux-x86_64-fedora-gcc 3.0 243.69 NOTE
r-devel-windows-ix86+x86_64 3.0 83.00 186.00 269.00 OK
r-patched-linux-x86_64 3.0 58.01 164.51 222.52 OK
r-patched-solaris-x86 3.0 308.20 NOTE
r-release-linux-x86_64 3.0 58.87 167.31 226.18 OK
r-release-macos-x86_64 3.0 NOTE
r-release-windows-ix86+x86_64 3.0 65.00 199.00 264.00 OK
r-oldrel-macos-x86_64 3.0 NOTE
r-oldrel-windows-ix86+x86_64 3.0 60.00 176.00 236.00 OK

Check Details

Version: 3.0
Check: dependencies in R code
Result: NOTE
    Namespace in Imports field not imported from: ‘Rcpp’
     All declared Imports should be used.
Flavors: r-devel-linux-x86_64-fedora-clang, r-devel-linux-x86_64-fedora-gcc, r-patched-solaris-x86, r-release-macos-x86_64, r-oldrel-macos-x86_64

Version: 3.0
Check: compiled code
Result: NOTE
    File ‘SimReg/libs/SimReg.so’:
     Found no calls to: ‘R_registerRoutines’, ‘R_useDynamicSymbols’
    
    It is good practice to register native routines and to disable symbol
    search.
    
    See ‘Writing portable packages’ in the ‘Writing R Extensions’ manual.
Flavors: r-devel-linux-x86_64-fedora-clang, r-devel-linux-x86_64-fedora-gcc