CRAN Package Check Results for Package SimReg

Last updated on 2020-05-31 01:48:54 CEST.

Flavor Version Tinstall Tcheck Ttotal Status Flags
r-devel-linux-x86_64-debian-clang 3.0 32.99 169.93 202.92 OK
r-devel-linux-x86_64-debian-gcc 3.0 24.43 125.45 149.88 OK
r-devel-linux-x86_64-fedora-clang 3.0 251.43 NOTE
r-devel-linux-x86_64-fedora-gcc 3.0 238.32 NOTE
r-devel-windows-ix86+x86_64 3.0 87.00 257.00 344.00 OK
r-patched-linux-x86_64 3.0 27.08 167.97 195.05 OK
r-patched-solaris-x86 3.0 305.60 NOTE
r-release-linux-x86_64 3.0 27.27 167.83 195.10 OK
r-release-osx-x86_64 3.0 NOTE
r-release-windows-ix86+x86_64 3.0 73.00 216.00 289.00 OK
r-oldrel-osx-x86_64 3.0 NOTE
r-oldrel-windows-ix86+x86_64 3.0 71.00 189.00 260.00 OK

Check Details

Version: 3.0
Check: dependencies in R code
Result: NOTE
    Namespace in Imports field not imported from: ‘Rcpp’
     All declared Imports should be used.
Flavors: r-devel-linux-x86_64-fedora-clang, r-devel-linux-x86_64-fedora-gcc, r-patched-solaris-x86, r-release-osx-x86_64, r-oldrel-osx-x86_64

Version: 3.0
Check: compiled code
Result: NOTE
    File ‘SimReg/libs/SimReg.so’:
     Found no calls to: ‘R_registerRoutines’, ‘R_useDynamicSymbols’
    
    It is good practice to register native routines and to disable symbol
    search.
    
    See ‘Writing portable packages’ in the ‘Writing R Extensions’ manual.
Flavors: r-devel-linux-x86_64-fedora-clang, r-devel-linux-x86_64-fedora-gcc