CRAN Package Check Results for Package SimReg

Last updated on 2019-10-19 01:50:26 CEST.

Flavor Version Tinstall Tcheck Ttotal Status Flags
r-devel-linux-x86_64-debian-clang 3.0 31.93 157.30 189.23 OK
r-devel-linux-x86_64-debian-gcc 3.0 23.26 118.00 141.26 OK
r-devel-linux-x86_64-fedora-clang 3.0 228.93 NOTE
r-devel-linux-x86_64-fedora-gcc 3.0 228.74 NOTE
r-devel-windows-ix86+x86_64 3.0 76.00 177.00 253.00 OK
r-patched-linux-x86_64 3.0 24.50 151.35 175.85 OK
r-patched-solaris-x86 3.0 287.50 NOTE
r-release-linux-x86_64 3.0 25.91 150.59 176.50 OK
r-release-windows-ix86+x86_64 3.0 50.00 180.00 230.00 OK
r-release-osx-x86_64 3.0 NOTE
r-oldrel-windows-ix86+x86_64 3.0 47.00 159.00 206.00 OK
r-oldrel-osx-x86_64 3.0 NOTE

Check Details

Version: 3.0
Check: dependencies in R code
Result: NOTE
    Namespace in Imports field not imported from: ‘Rcpp’
     All declared Imports should be used.
Flavors: r-devel-linux-x86_64-fedora-clang, r-devel-linux-x86_64-fedora-gcc, r-patched-solaris-x86, r-release-osx-x86_64, r-oldrel-osx-x86_64

Version: 3.0
Check: compiled code
Result: NOTE
    File ‘SimReg/libs/SimReg.so’:
     Found no calls to: ‘R_registerRoutines’, ‘R_useDynamicSymbols’
    
    It is good practice to register native routines and to disable symbol
    search.
    
    See ‘Writing portable packages’ in the ‘Writing R Extensions’ manual.
Flavors: r-devel-linux-x86_64-fedora-clang, r-devel-linux-x86_64-fedora-gcc