CRAN Package Check Results for Package SoyNAM

Last updated on 2020-05-28 01:53:29 CEST.

Flavor Version Tinstall Tcheck Ttotal Status Flags
r-devel-linux-x86_64-debian-clang 1.6 8.53 80.65 89.18 OK
r-devel-linux-x86_64-debian-gcc 1.6 7.56 63.29 70.85 OK
r-devel-linux-x86_64-fedora-clang 1.6 113.45 NOTE
r-devel-linux-x86_64-fedora-gcc 1.6 106.82 OK
r-devel-windows-ix86+x86_64 1.6 27.00 118.00 145.00 NOTE
r-patched-linux-x86_64 1.6 8.03 80.88 88.91 OK
r-patched-solaris-x86 1.6 182.30 NOTE
r-release-linux-x86_64 1.6 8.36 79.96 88.32 OK
r-release-osx-x86_64 1.6 NOTE
r-release-windows-ix86+x86_64 1.6 20.00 123.00 143.00 NOTE
r-oldrel-osx-x86_64 1.6 NOTE
r-oldrel-windows-ix86+x86_64 1.6 16.00 76.00 92.00 NOTE

Check Details

Version: 1.6
Check: installed package size
Result: NOTE
     installed size is 5.3Mb
     sub-directories of 1Mb or more:
     data 5.2Mb
Flavors: r-devel-linux-x86_64-fedora-clang, r-devel-windows-ix86+x86_64, r-patched-solaris-x86, r-release-osx-x86_64, r-release-windows-ix86+x86_64, r-oldrel-osx-x86_64, r-oldrel-windows-ix86+x86_64