CRAN Package Check Results for Package SparseFactorAnalysis

Last updated on 2020-05-28 01:53:29 CEST.

Flavor Version Tinstall Tcheck Ttotal Status Flags
r-devel-linux-x86_64-debian-clang 1.0 64.48 59.67 124.15 OK
r-devel-linux-x86_64-debian-gcc 1.0 49.56 44.97 94.53 OK
r-devel-linux-x86_64-fedora-clang 1.0 173.23 NOTE
r-devel-linux-x86_64-fedora-gcc 1.0 153.63 NOTE
r-devel-windows-ix86+x86_64 1.0 180.00 131.00 311.00 OK
r-patched-linux-x86_64 1.0 56.26 58.07 114.33 OK
r-patched-solaris-x86 1.0 168.60 OK
r-release-linux-x86_64 1.0 54.17 57.69 111.86 OK
r-release-osx-x86_64 1.0 OK
r-release-windows-ix86+x86_64 1.0 139.00 134.00 273.00 OK
r-oldrel-osx-x86_64 1.0 OK
r-oldrel-windows-ix86+x86_64 1.0 126.00 82.00 208.00 OK

Check Details

Version: 1.0
Check: compiled code
Result: NOTE
    File ‘SparseFactorAnalysis/libs/SparseFactorAnalysis.so’:
     Found no calls to: ‘R_registerRoutines’, ‘R_useDynamicSymbols’
    
    It is good practice to register native routines and to disable symbol
    search.
    
    See ‘Writing portable packages’ in the ‘Writing R Extensions’ manual.
Flavors: r-devel-linux-x86_64-fedora-clang, r-devel-linux-x86_64-fedora-gcc