CRAN Package Check Results for Package SpatialBall

Last updated on 2019-10-17 02:47:36 CEST.

Flavor Version Tinstall Tcheck Ttotal Status Flags
r-devel-linux-x86_64-debian-clang 0.1.0 11.74 67.72 79.46 NOTE
r-devel-linux-x86_64-debian-gcc 0.1.0 11.05 54.75 65.80 NOTE
r-devel-linux-x86_64-fedora-clang 0.1.0 99.90 NOTE
r-devel-linux-x86_64-fedora-gcc 0.1.0 102.23 NOTE
r-devel-windows-ix86+x86_64 0.1.0 31.00 109.00 140.00 NOTE
r-patched-linux-x86_64 0.1.0 12.12 64.94 77.06 OK
r-patched-solaris-x86 0.1.0 160.60 NOTE
r-release-linux-x86_64 0.1.0 11.65 65.44 77.09 OK
r-release-windows-ix86+x86_64 0.1.0 18.00 116.00 134.00 OK
r-release-osx-x86_64 0.1.0 NOTE
r-oldrel-windows-ix86+x86_64 0.1.0 17.00 77.00 94.00 OK
r-oldrel-osx-x86_64 0.1.0 NOTE

Check Details

Version: 0.1.0
Check: package vignettes
Result: NOTE
    Package vignette with placeholder title 'Vignette Title':
     'Starting.Rmd'
Flavors: r-devel-linux-x86_64-debian-clang, r-devel-linux-x86_64-debian-gcc, r-devel-windows-ix86+x86_64

Version: 0.1.0
Check: dependencies in R code
Result: NOTE
    Namespace in Imports field not imported from: ‘lubridate’
     All declared Imports should be used.
Flavors: r-devel-linux-x86_64-fedora-clang, r-devel-linux-x86_64-fedora-gcc, r-patched-solaris-x86, r-release-osx-x86_64, r-oldrel-osx-x86_64