CRAN Package Check Results for Package SpatialBall

Last updated on 2020-05-24 01:48:10 CEST.

Flavor Version Tinstall Tcheck Ttotal Status Flags
r-devel-linux-x86_64-debian-clang 0.1.0 11.78 74.09 85.87 NOTE
r-devel-linux-x86_64-debian-gcc 0.1.0 11.52 58.58 70.10 NOTE
r-devel-linux-x86_64-fedora-clang 0.1.0 112.41 NOTE
r-devel-linux-x86_64-fedora-gcc 0.1.0 108.46 NOTE
r-devel-windows-ix86+x86_64 0.1.0 44.00 80.00 124.00 NOTE
r-patched-linux-x86_64 0.1.0 12.40 72.65 85.05 NOTE
r-patched-solaris-x86 0.1.0 176.80 NOTE
r-release-linux-x86_64 0.1.0 13.40 72.16 85.56 NOTE
r-release-osx-x86_64 0.1.0 NOTE
r-release-windows-ix86+x86_64 0.1.0 36.00 111.00 147.00 NOTE
r-oldrel-osx-x86_64 0.1.0 NOTE
r-oldrel-windows-ix86+x86_64 0.1.0 25.00 110.00 135.00 OK

Check Details

Version: 0.1.0
Check: package vignettes
Result: NOTE
    Package vignette with placeholder title 'Vignette Title':
     'Starting.Rmd'
Flavors: r-devel-linux-x86_64-debian-clang, r-devel-linux-x86_64-debian-gcc, r-devel-windows-ix86+x86_64, r-patched-linux-x86_64, r-release-linux-x86_64, r-release-windows-ix86+x86_64

Version: 0.1.0
Check: dependencies in R code
Result: NOTE
    Namespace in Imports field not imported from: ‘lubridate’
     All declared Imports should be used.
Flavors: r-devel-linux-x86_64-fedora-clang, r-devel-linux-x86_64-fedora-gcc, r-patched-solaris-x86, r-release-osx-x86_64, r-oldrel-osx-x86_64