CRAN Package Check Results for Package SplitReg

Last updated on 2019-10-17 02:47:36 CEST.

Flavor Version Tinstall Tcheck Ttotal Status Flags
r-devel-linux-x86_64-debian-clang 1.0.0 41.14 66.99 108.13 WARN
r-devel-linux-x86_64-debian-gcc 1.0.0 26.78 42.98 69.76 WARN
r-devel-linux-x86_64-fedora-clang 1.0.0 138.65 WARN
r-devel-linux-x86_64-fedora-gcc 1.0.0 164.08 WARN
r-devel-windows-ix86+x86_64 1.0.0 73.00 198.00 271.00 NOTE
r-patched-linux-x86_64 1.0.0 27.83 90.37 118.20 OK
r-patched-solaris-x86 1.0.0 175.60 OK
r-release-linux-x86_64 1.0.0 29.08 91.53 120.61 OK
r-release-windows-ix86+x86_64 1.0.0 49.00 196.00 245.00 OK
r-release-osx-x86_64 1.0.0 OK
r-oldrel-windows-ix86+x86_64 1.0.0 43.00 203.00 246.00 OK
r-oldrel-osx-x86_64 1.0.0 OK

Additional issues

clang-UBSAN MKL

Check Details

Version: 1.0.0
Check: whether package can be installed
Result: WARN
    Found the following significant warnings:
     'config' variable 'CPP' is deprecated
     'config' variable 'CXXCPP' is deprecated
Flavors: r-devel-linux-x86_64-debian-clang, r-devel-linux-x86_64-debian-gcc, r-devel-linux-x86_64-fedora-clang, r-devel-linux-x86_64-fedora-gcc

Version: 1.0.0
Check: use of PKG_*FLAGS in Makefiles
Result: NOTE
     PKG_CFLAGS set in 'src/Makevars.in' without any corresponding files
Flavors: r-devel-linux-x86_64-debian-clang, r-devel-linux-x86_64-debian-gcc, r-devel-windows-ix86+x86_64

Version: 1.0.0
Check: use of PKG_*FLAGS in Makefiles
Result: NOTE
     PKG_CFLAGS set in ‘src/Makevars’ without any corresponding files
     PKG_CFLAGS set in ‘src/Makevars.in’ without any corresponding files
Flavors: r-devel-linux-x86_64-fedora-clang, r-devel-linux-x86_64-fedora-gcc