CRAN Package Check Results for Package SqlRender

Last updated on 2020-05-29 01:50:22 CEST.

Flavor Version Tinstall Tcheck Ttotal Status Flags
r-devel-linux-x86_64-debian-clang 1.6.6 3.90 61.39 65.29 OK
r-devel-linux-x86_64-debian-gcc 1.6.6 3.09 46.58 49.67 ERROR
r-devel-linux-x86_64-fedora-clang 1.6.6 80.89 OK
r-devel-linux-x86_64-fedora-gcc 1.6.6 79.83 OK
r-devel-windows-ix86+x86_64 1.6.6 9.00 99.00 108.00 OK
r-patched-linux-x86_64 1.6.6 4.01 61.93 65.94 OK
r-patched-solaris-x86 1.6.6 95.40 OK
r-release-linux-x86_64 1.6.6 3.59 62.51 66.10 OK
r-release-osx-x86_64 1.6.6 OK
r-release-windows-ix86+x86_64 1.6.6 9.00 86.00 95.00 OK
r-oldrel-osx-x86_64 1.6.6 OK
r-oldrel-windows-ix86+x86_64 1.6.6 10.00 99.00 109.00 OK

Check Details

Version: 1.6.6
Check: tests
Result: ERROR
     Running ‘testthat.R’ [13s/18s]
    Running the tests in ‘tests/testthat.R’ failed.
    Complete output:
     > library(testthat)
     > test_check("SqlRender")
     Loading required package: SqlRender
     Reading SQL from package folder: /home/hornik/tmp/R.check/r-devel-gcc/Work/build/Packages/SqlRender/sql/sql_server/test.sql
     Writing R function to: /home/hornik/tmp/scratch/RtmpkGlu8M/file6b393ca44ada
     Error in .jcall("java/lang/Class", "Ljava/lang/Class;", "forName", cl, :
     RcallMethod: cannot determine object class
     In addition: Warning message:
     In extract_lang(f = comp_lang, y = quote(if (.isMethodsDispatchOn() && :
     devtools is incompatible with the current version of R. `load_all()` may function incorrectly.
     Error in .jcall("java/lang/Class", "Ljava/lang/Class;", "forName", cl, :
     RcallMethod: cannot determine object class
     Error in .jcall("java/lang/Class", "Ljava/lang/Class;", "forName", cl, :
     RcallMethod: cannot determine object class
     ── 1. Error: translate: warning on temp table name that is too long (@test-trans
     java.lang.StackOverflowError
    
     Error in .jcall("java/lang/Class", "Ljava/lang/Class;", "forName", cl, :
     RcallMethod: cannot determine object class
     ── 2. Error: translate: warning on table name that is too long (@test-translateS
     java.lang.StackOverflowError
    
     Error in .jcall("java/lang/Class", "Ljava/lang/Class;", "forName", cl, :
     RcallMethod: cannot determine object class
     ══ testthat results ═══════════════════════════════════════════════════════════
     [ OK: 558 | SKIPPED: 0 | WARNINGS: 0 | FAILED: 2 ]
     1. Error: translate: warning on temp table name that is too long (@test-translateSql.R#861)
     2. Error: translate: warning on table name that is too long (@test-translateSql.R#865)
    
     Error: testthat unit tests failed
     Execution halted
Flavor: r-devel-linux-x86_64-debian-gcc