CRAN Package Check Results for Package SqlRender

Last updated on 2019-10-14 01:46:36 CEST.

Flavor Version Tinstall Tcheck Ttotal Status Flags
r-devel-linux-x86_64-debian-clang 1.6.2 3.27 52.71 55.98 OK
r-devel-linux-x86_64-debian-gcc 1.6.2 2.66 41.91 44.57 OK
r-devel-linux-x86_64-fedora-clang 1.6.2 70.09 OK
r-devel-linux-x86_64-fedora-gcc 1.6.2 69.23 OK
r-devel-windows-ix86+x86_64 1.6.2 13.00 6.00 19.00 ERROR
r-patched-linux-x86_64 1.6.2 3.22 51.14 54.36 OK
r-patched-solaris-x86 1.6.2 83.70 OK
r-release-linux-x86_64 1.6.2 3.12 52.09 55.21 OK
r-release-windows-ix86+x86_64 1.6.2 12.00 106.00 118.00 OK
r-release-osx-x86_64 1.6.2 OK
r-oldrel-windows-ix86+x86_64 1.6.2 5.00 67.00 72.00 OK
r-oldrel-osx-x86_64 1.6.2 OK

Check Details

Version: 1.6.2
Check: whether package can be installed
Result: ERROR
    Installation failed.
Flavor: r-devel-windows-ix86+x86_64