CRAN Package Check Results for Package StatDA

Last updated on 2020-05-24 01:48:10 CEST.

Flavor Version Tinstall Tcheck Ttotal Status Flags
r-devel-linux-x86_64-debian-clang 1.7.4 20.61 140.01 160.62 OK
r-devel-linux-x86_64-debian-gcc 1.7.4 16.61 109.58 126.19 OK
r-devel-linux-x86_64-fedora-clang 1.7.4 202.87 OK
r-devel-linux-x86_64-fedora-gcc 1.7.4 193.72 OK
r-devel-windows-ix86+x86_64 1.7.4 47.00 219.00 266.00 OK
r-patched-linux-x86_64 1.7.4 21.07 140.52 161.59 OK
r-patched-solaris-x86 1.7.4 296.60 OK
r-release-linux-x86_64 1.7.4 20.17 140.40 160.57 OK
r-release-osx-x86_64 1.7.4 OK
r-release-windows-ix86+x86_64 1.7.4 45.00 202.00 247.00 OK
r-oldrel-osx-x86_64 1.7.4 WARN
r-oldrel-windows-ix86+x86_64 1.7.4 30.00 184.00 214.00 OK

Check Details

Version: 1.7.4
Check: whether package can be installed
Result: WARN
    Found the following significant warnings:
     Warning: 'rgl.init' failed, running with 'rgl.useNULL = TRUE'.
Flavor: r-oldrel-osx-x86_64

Version: 1.7.4
Check: dependencies in R code
Result: NOTE
    No protocol specified
    No protocol specified
Flavor: r-oldrel-osx-x86_64

Version: 1.7.4
Check: S3 generic/method consistency
Result: WARN
    No protocol specified
    No protocol specified
    See section ‘Generic functions and methods’ in the ‘Writing R
    Extensions’ manual.
Flavor: r-oldrel-osx-x86_64

Version: 1.7.4
Check: replacement functions
Result: WARN
    No protocol specified
    No protocol specified
    The argument of a replacement function which corresponds to the right
    hand side must be named ‘value’.
Flavor: r-oldrel-osx-x86_64

Version: 1.7.4
Check: foreign function calls
Result: NOTE
    No protocol specified
    No protocol specified
    See chapter ‘System and foreign language interfaces’ in the ‘Writing R
    Extensions’ manual.
Flavor: r-oldrel-osx-x86_64

Version: 1.7.4
Check: R code for possible problems
Result: NOTE
    No protocol specified
    No protocol specified
Flavor: r-oldrel-osx-x86_64

Version: 1.7.4
Check: for missing documentation entries
Result: WARN
    No protocol specified
    No protocol specified
    All user-level objects in a package should have documentation entries.
    See chapter ‘Writing R documentation files’ in the ‘Writing R
    Extensions’ manual.
Flavor: r-oldrel-osx-x86_64

Version: 1.7.4
Check: for code/documentation mismatches
Result: WARN
    No protocol specified
    No protocol specified
    No protocol specified
    No protocol specified
    No protocol specified
    No protocol specified
Flavor: r-oldrel-osx-x86_64

Version: 1.7.4
Check: Rd \usage sections
Result: NOTE
    No protocol specified
    No protocol specified
    The \usage entries for S3 methods should use the \method markup and not
    their full name.
    See chapter ‘Writing R documentation files’ in the ‘Writing R
    Extensions’ manual.
Flavor: r-oldrel-osx-x86_64