CRAN Package Check Results for Package StatMeasures

Last updated on 2020-07-12 18:50:11 CEST.

Flavor Version Tinstall Tcheck Ttotal Status Flags
r-devel-linux-x86_64-debian-clang 1.0 2.83 27.76 30.59 NOTE
r-devel-linux-x86_64-debian-gcc 1.0 2.65 21.53 24.18 NOTE
r-devel-linux-x86_64-fedora-clang 1.0 47.08 NOTE
r-devel-linux-x86_64-fedora-gcc 1.0 35.91 NOTE
r-devel-windows-ix86+x86_64 1.0 9.00 54.00 63.00 NOTE
r-patched-linux-x86_64 1.0 2.96 27.04 30.00 NOTE
r-patched-solaris-x86 1.0 54.00 NOTE
r-release-linux-x86_64 1.0 2.94 27.27 30.21 NOTE
r-release-macos-x86_64 1.0 NOTE
r-release-windows-ix86+x86_64 1.0 10.00 38.00 48.00 NOTE
r-oldrel-macos-x86_64 1.0 NOTE
r-oldrel-windows-ix86+x86_64 1.0 7.00 42.00 49.00 NOTE

Check Details

Version: 1.0
Check: R code for possible problems
Result: NOTE
    actvspred: no visible global function definition for 'quantile'
    actvspred: no visible global function definition for 'aggregate'
    actvspred: no visible global function definition for 'par'
    actvspred: no visible global function definition for 'lines'
    auc: no visible global function definition for 'par'
    decile: no visible global function definition for 'quantile'
    dqcontinuous : numoutliers: no visible global function definition for
     'quantile'
    dqcontinuous : <anonymous>: no visible global function definition for
     'sd'
    dqcontinuous : <anonymous>: no visible global function definition for
     'quantile'
    gini: no visible global function definition for 'par'
    gini: no visible global function definition for 'abline'
    iv: no visible global function definition for 'quantile'
    iv: no visible global function definition for 'aggregate'
    ks: no visible global function definition for 'aggregate'
    ks: no visible global function definition for 'par'
    ks: no visible global function definition for 'lines'
    outliers: no visible global function definition for 'quantile'
    outliers: no visible global function definition for 'na.omit'
    pentile: no visible global function definition for 'quantile'
    Undefined global functions or variables:
     abline aggregate lines na.omit par quantile sd
    Consider adding
     importFrom("graphics", "abline", "lines", "par")
     importFrom("stats", "aggregate", "na.omit", "quantile", "sd")
    to your NAMESPACE file.
Flavors: r-devel-linux-x86_64-debian-clang, r-devel-linux-x86_64-debian-gcc, r-devel-linux-x86_64-fedora-clang, r-devel-linux-x86_64-fedora-gcc, r-devel-windows-ix86+x86_64, r-patched-linux-x86_64, r-patched-solaris-x86, r-release-linux-x86_64, r-release-macos-x86_64, r-release-windows-ix86+x86_64

Version: 1.0
Check: R code for possible problems
Result: NOTE
    actvspred: no visible global function definition for ‘quantile’
    actvspred: no visible global function definition for ‘aggregate’
    actvspred: no visible global function definition for ‘par’
    actvspred: no visible global function definition for ‘plot’
    actvspred: no visible global function definition for ‘lines’
    auc: no visible global function definition for ‘par’
    auc: no visible global function definition for ‘plot’
    decile: no visible global function definition for ‘quantile’
    dqcontinuous : numoutliers: no visible global function definition for
     ‘quantile’
    dqcontinuous : <anonymous>: no visible global function definition for
     ‘sd’
    dqcontinuous : <anonymous>: no visible global function definition for
     ‘quantile’
    gini: no visible global function definition for ‘par’
    gini: no visible global function definition for ‘plot’
    gini: no visible global function definition for ‘abline’
    iv: no visible global function definition for ‘quantile’
    iv: no visible global function definition for ‘aggregate’
    ks: no visible global function definition for ‘aggregate’
    ks: no visible global function definition for ‘par’
    ks: no visible global function definition for ‘plot’
    ks: no visible global function definition for ‘lines’
    outliers: no visible global function definition for ‘quantile’
    outliers: no visible global function definition for ‘na.omit’
    pentile: no visible global function definition for ‘quantile’
    Undefined global functions or variables:
     abline aggregate lines na.omit par plot quantile sd
    Consider adding
     importFrom("graphics", "abline", "lines", "par", "plot")
     importFrom("stats", "aggregate", "na.omit", "quantile", "sd")
    to your NAMESPACE file.
Flavors: r-oldrel-macos-x86_64, r-oldrel-windows-ix86+x86_64