CRAN Package Check Results for Package StepwiseTest

Last updated on 2019-10-14 01:46:37 CEST.

Flavor Version Tinstall Tcheck Ttotal Status Flags
r-devel-linux-x86_64-debian-clang 1.0 28.98 20.78 49.76 OK
r-devel-linux-x86_64-debian-gcc 1.0 20.61 17.09 37.70 OK
r-devel-linux-x86_64-fedora-clang 1.0 66.35 NOTE
r-devel-linux-x86_64-fedora-gcc 1.0 64.27 NOTE
r-devel-windows-ix86+x86_64 1.0 46.00 78.00 124.00 OK
r-patched-linux-x86_64 1.0 22.15 20.78 42.93 OK
r-patched-solaris-x86 1.0 76.20 OK
r-release-linux-x86_64 1.0 21.26 20.66 41.92 OK
r-release-windows-ix86+x86_64 1.0 74.00 57.00 131.00 OK
r-release-osx-x86_64 1.0 OK
r-oldrel-windows-ix86+x86_64 1.0 45.00 48.00 93.00 OK
r-oldrel-osx-x86_64 1.0 OK

Check Details

Version: 1.0
Check: compiled code
Result: NOTE
    File ‘StepwiseTest/libs/StepwiseTest.so’:
     Found no calls to: ‘R_registerRoutines’, ‘R_useDynamicSymbols’
    
    It is good practice to register native routines and to disable symbol
    search.
    
    See ‘Writing portable packages’ in the ‘Writing R Extensions’ manual.
Flavors: r-devel-linux-x86_64-fedora-clang, r-devel-linux-x86_64-fedora-gcc