CRAN Package Check Results for Package StereoMorph

Last updated on 2019-10-17 02:47:36 CEST.

Flavor Version Tinstall Tcheck Ttotal Status Flags
r-devel-linux-x86_64-debian-clang 1.6.2 93.96 76.74 170.70 NOTE
r-devel-linux-x86_64-debian-gcc 1.6.2 61.43 59.44 120.87 NOTE
r-devel-linux-x86_64-fedora-clang 1.6.2 228.03 WARN
r-devel-linux-x86_64-fedora-gcc 1.6.2 213.39 NOTE
r-devel-windows-ix86+x86_64 1.6.2 204.00 121.00 325.00 OK
r-patched-linux-x86_64 1.6.2 66.98 76.92 143.90 OK
r-patched-solaris-x86 1.6.2 223.10 OK
r-release-linux-x86_64 1.6.2 66.14 76.69 142.83 OK
r-release-windows-ix86+x86_64 1.6.2 141.00 111.00 252.00 OK
r-release-osx-x86_64 1.6.2 OK
r-oldrel-windows-ix86+x86_64 1.6.2 126.00 111.00 237.00 OK
r-oldrel-osx-x86_64 1.6.2 OK

Check Details

Version: 1.6.2
Check: for non-standard things in the check directory
Result: NOTE
    Found the following files/directories:
     'Mug_2D.tps' 'Owl_3D.tps' 'Shapes_2D.tps' 'Shapes_3D.tps'
Flavors: r-devel-linux-x86_64-debian-clang, r-devel-linux-x86_64-debian-gcc, r-devel-linux-x86_64-fedora-clang, r-devel-linux-x86_64-fedora-gcc

Version: 1.6.2
Check: whether package can be installed
Result: WARN
    Found the following significant warnings:
     equalizeImageHist.cpp:14:7: warning: 'pointer_to_unary_function<double, double>' is deprecated [-Wdeprecated-declarations]
     equalizeImageHist.cpp:17:59: warning: 'bind1st<std::__1::multiplies<double>, int>' is deprecated [-Wdeprecated-declarations]
     equalizeImageHist.cpp:53:59: warning: 'bind1st<std::__1::multiplies<double>, double>' is deprecated [-Wdeprecated-declarations]
     findCornerSubPix.cpp:62:62: warning: 'bind1st<std::__1::plus<int>, int>' is deprecated [-Wdeprecated-declarations]
     findCornerSubPix.cpp:66:62: warning: 'bind1st<std::__1::plus<int>, int>' is deprecated [-Wdeprecated-declarations]
     thresholdImageMatrix.cpp:19:7: warning: 'pointer_to_unary_function<double, double>' is deprecated [-Wdeprecated-declarations]
     thresholdImageMatrix.cpp:29:71: warning: 'bind1st<std::__1::multiplies<double>, int>' is deprecated [-Wdeprecated-declarations]
     thresholdImageMatrix.cpp:32:80: warning: 'bind1st<std::__1::multiplies<double>, int>' is deprecated [-Wdeprecated-declarations]
Flavor: r-devel-linux-x86_64-fedora-clang