CRAN Package Check Results for Package TSCS

Last updated on 2020-05-28 01:53:31 CEST.

Flavor Version Tinstall Tcheck Ttotal Status Flags
r-devel-linux-x86_64-debian-clang 0.1.1 8.46 65.94 74.40 OK
r-devel-linux-x86_64-debian-gcc 0.1.1 6.98 50.40 57.38 OK
r-devel-linux-x86_64-fedora-clang 0.1.1 88.64 OK
r-devel-linux-x86_64-fedora-gcc 0.1.1 87.78 OK
r-devel-windows-ix86+x86_64 0.1.1 29.00 106.00 135.00 OK
r-patched-linux-x86_64 0.1.1 8.62 65.05 73.67 OK
r-patched-solaris-x86 0.1.1 124.50 OK
r-release-linux-x86_64 0.1.1 8.35 64.48 72.83 OK
r-release-osx-x86_64 0.1.1 OK
r-release-windows-ix86+x86_64 0.1.1 22.00 108.00 130.00 OK
r-oldrel-osx-x86_64 0.1.1 WARN
r-oldrel-windows-ix86+x86_64 0.1.1 17.00 76.00 93.00 OK

Check Details

Version: 0.1.1
Check: whether package can be installed
Result: WARN
    Found the following significant warnings:
     Warning: 'rgl_init' failed, running with rgl.useNULL = TRUE
Flavor: r-oldrel-osx-x86_64