CRAN Package Check Results for Package TSCS

Last updated on 2019-10-20 01:47:04 CEST.

Flavor Version Tinstall Tcheck Ttotal Status Flags
r-devel-linux-x86_64-debian-clang 0.1.1 7.69 54.68 62.37 OK
r-devel-linux-x86_64-debian-gcc 0.1.1 6.39 42.30 48.69 OK
r-devel-linux-x86_64-fedora-clang 0.1.1 75.18 OK
r-devel-linux-x86_64-fedora-gcc 0.1.1 75.17 OK
r-devel-windows-ix86+x86_64 0.1.1 20.00 75.00 95.00 OK
r-patched-linux-x86_64 0.1.1 6.83 52.44 59.27 NOTE
r-patched-solaris-x86 0.1.1 107.10 OK
r-release-linux-x86_64 0.1.1 7.27 53.50 60.77 NOTE
r-release-windows-ix86+x86_64 0.1.1 17.00 77.00 94.00 OK
r-release-osx-x86_64 0.1.1 WARN
r-oldrel-windows-ix86+x86_64 0.1.1 13.00 61.00 74.00 OK
r-oldrel-osx-x86_64 0.1.1 OK

Check Details

Version: 0.1.1
Check: DESCRIPTION meta-information
Result: NOTE
    Dependence on R version ‘3.4.2’ not with patchlevel 0
Flavors: r-patched-linux-x86_64, r-release-linux-x86_64

Version: 0.1.1
Check: whether package can be installed
Result: WARN
    Found the following significant warnings:
     Warning: 'rgl_init' failed, running with rgl.useNULL = TRUE
Flavor: r-release-osx-x86_64