CRAN Package Check Results for Package TVsMiss

Last updated on 2019-10-20 01:47:04 CEST.

Flavor Version Tinstall Tcheck Ttotal Status Flags
r-devel-linux-x86_64-debian-clang 0.1.1 9.50 90.23 99.73 OK
r-devel-linux-x86_64-debian-gcc 0.1.1 6.95 73.89 80.84 OK
r-devel-linux-x86_64-fedora-clang 0.1.1 115.46 NOTE
r-devel-linux-x86_64-fedora-gcc 0.1.1 113.79 NOTE
r-devel-windows-ix86+x86_64 0.1.1 19.00 227.00 246.00 OK
r-patched-linux-x86_64 0.1.1 6.73 81.63 88.36 OK
r-patched-solaris-x86 0.1.1 192.10 NOTE
r-release-linux-x86_64 0.1.1 7.53 88.70 96.23 OK
r-release-windows-ix86+x86_64 0.1.1 19.00 221.00 240.00 OK
r-release-osx-x86_64 0.1.1 NOTE
r-oldrel-windows-ix86+x86_64 0.1.1 11.00 319.00 330.00 OK
r-oldrel-osx-x86_64 0.1.1 NOTE

Additional issues

rchk

Check Details

Version: 0.1.1
Check: dependencies in R code
Result: NOTE
    Namespace in Imports field not imported from: ‘Rcpp’
     All declared Imports should be used.
Flavors: r-devel-linux-x86_64-fedora-clang, r-devel-linux-x86_64-fedora-gcc, r-patched-solaris-x86, r-release-osx-x86_64, r-oldrel-osx-x86_64