CRAN Package Check Results for Package TreeSearch

Last updated on 2020-05-28 01:53:31 CEST.

Flavor Version Tinstall Tcheck Ttotal Status Flags
r-devel-linux-x86_64-debian-clang 0.4.0 15.90 198.52 214.42 OK
r-devel-linux-x86_64-debian-gcc 0.4.0 13.66 146.62 160.28 WARN
r-devel-linux-x86_64-fedora-clang 0.4.0 276.87 WARN
r-devel-linux-x86_64-fedora-gcc 0.4.0 270.24 WARN
r-devel-windows-ix86+x86_64 0.4.0 52.00 348.00 400.00 OK
r-patched-linux-x86_64 0.4.0 16.20 196.31 212.51 OK
r-patched-solaris-x86 0.4.0 360.50 OK
r-release-linux-x86_64 0.4.0 15.31 195.99 211.30 OK
r-release-osx-x86_64 0.4.0 OK
r-release-windows-ix86+x86_64 0.4.0 39.00 350.00 389.00 OK
r-oldrel-osx-x86_64 0.4.0 OK
r-oldrel-windows-ix86+x86_64 0.4.0 32.00 260.00 292.00 OK

Check Details

Version: 0.4.0
Check: whether package can be installed
Result: WARN
    Found the following significant warnings:
     Warning: S4 exports specified in 'NAMESPACE' but not defined in package ‘TreeTools’
Flavors: r-devel-linux-x86_64-debian-gcc, r-devel-linux-x86_64-fedora-clang, r-devel-linux-x86_64-fedora-gcc

Version: 0.4.0
Check: Rd files
Result: WARN
    prepare_Rd: S4 exports specified in 'NAMESPACE' but not defined in package ‘TreeTools’
Flavors: r-devel-linux-x86_64-debian-gcc, r-devel-linux-x86_64-fedora-clang, r-devel-linux-x86_64-fedora-gcc