CRAN Package Check Results for Package TruncatedNormal

Last updated on 2019-10-20 01:47:04 CEST.

Flavor Version Tinstall Tcheck Ttotal Status Flags
r-devel-linux-x86_64-debian-clang 2.1 45.93 121.20 167.13 OK
r-devel-linux-x86_64-debian-gcc 2.1 33.16 87.46 120.62 OK
r-devel-linux-x86_64-fedora-clang 2.1 210.16 OK
r-devel-linux-x86_64-fedora-gcc 2.1 209.11 OK
r-devel-windows-ix86+x86_64 2.1 87.00 177.00 264.00 OK
r-patched-linux-x86_64 2.1 35.55 116.13 151.68 OK
r-patched-solaris-x86 2.1 442.70 OK
r-release-linux-x86_64 2.1 37.01 110.49 147.50 OK
r-release-windows-ix86+x86_64 2.1 76.00 170.00 246.00 OK
r-release-osx-x86_64 2.1 OK
r-oldrel-windows-ix86+x86_64 2.1 73.00 155.00 228.00 WARN
r-oldrel-osx-x86_64 2.1 OK

Check Details

Version: 2.1
Check: re-building of vignette outputs
Result: WARN
    Error in re-building vignettes:
     ...
    Quitting from lines 171-210 (TruncatedNormal_vignette.Rmd)
    Error: processing vignette 'TruncatedNormal_vignette.Rmd' failed with diagnostics:
    cannot open the connection
    Execution halted
Flavor: r-oldrel-windows-ix86+x86_64