CRAN Package Check Results for Package TukeyRegion

Last updated on 2019-10-23 03:48:42 CEST.

Flavor Version Tinstall Tcheck Ttotal Status Flags
r-devel-linux-x86_64-debian-clang 0.1.2 89.11 41.07 130.18 OK
r-devel-linux-x86_64-debian-gcc 0.1.2 66.52 33.80 100.32 WARN
r-devel-linux-x86_64-fedora-clang 0.1.2 182.95 NOTE
r-devel-linux-x86_64-fedora-gcc 0.1.2 176.36 WARN
r-devel-windows-ix86+x86_64 0.1.2 193.00 107.00 300.00 OK
r-patched-linux-x86_64 0.1.2 68.99 40.95 109.94 WARN
r-patched-solaris-x86 0.1.2 174.30 OK
r-release-linux-x86_64 0.1.2 71.76 40.84 112.60 WARN
r-release-windows-ix86+x86_64 0.1.2 300.00 104.00 404.00 OK
r-release-osx-x86_64 0.1.2 WARN
r-oldrel-windows-ix86+x86_64 0.1.2 255.00 106.00 361.00 OK
r-oldrel-osx-x86_64 0.1.2 WARN

Check Details

Version: 0.1.2
Check: whether package can be installed
Result: WARN
    Found the following significant warnings:
     /usr/include/x86_64-linux-gnu/bits/string_fortified.h:136:10: warning: ‘__builtin___strncat_chk’ output may be truncated copying between 0 and 199 bytes from a string of length 199 [-Wstringop-truncation]
Flavor: r-devel-linux-x86_64-debian-gcc

Version: 0.1.2
Check: installed package size
Result: NOTE
     installed size is 5.4Mb
     sub-directories of 1Mb or more:
     libs 5.3Mb
Flavor: r-devel-linux-x86_64-fedora-clang

Version: 0.1.2
Check: whether package can be installed
Result: WARN
    Found the following significant warnings:
     /usr/include/bits/string_fortified.h:136:10: warning: ‘__builtin___strncat_chk’ output may be truncated copying between 0 and 199 bytes from a string of length 199 [-Wstringop-truncation]
Flavor: r-devel-linux-x86_64-fedora-gcc

Version: 0.1.2
Check: whether package can be installed
Result: WARN
    Found the following significant warnings:
     libqhull/rboxlib.c:351:5: warning: ‘strncat’ output may be truncated copying between 0 and 199 bytes from a string of length 199 [-Wstringop-truncation]
Flavors: r-patched-linux-x86_64, r-release-linux-x86_64

Version: 0.1.2
Check: whether package can be installed
Result: WARN
    Found the following significant warnings:
     Warning: 'rgl_init' failed, running with rgl.useNULL = TRUE
Flavors: r-release-osx-x86_64, r-oldrel-osx-x86_64