CRAN Package Check Results for Package USAboundaries

Last updated on 2019-10-17 02:47:38 CEST.

Flavor Version Tinstall Tcheck Ttotal Status Flags
r-devel-linux-x86_64-debian-clang 0.3.1 2.35 22.48 24.83 NOTE
r-devel-linux-x86_64-debian-gcc 0.3.1 1.97 18.48 20.45 NOTE
r-devel-linux-x86_64-fedora-clang 0.3.1 31.90 NOTE
r-devel-linux-x86_64-fedora-gcc 0.3.1 31.87 NOTE
r-devel-windows-ix86+x86_64 0.3.1 10.00 36.00 46.00 NOTE
r-patched-linux-x86_64 0.3.1 1.77 22.71 24.48 NOTE
r-patched-solaris-x86 0.3.1 48.40 NOTE
r-release-linux-x86_64 0.3.1 2.06 22.39 24.45 NOTE
r-release-windows-ix86+x86_64 0.3.1 5.00 39.00 44.00 NOTE
r-release-osx-x86_64 0.3.1 NOTE
r-oldrel-windows-ix86+x86_64 0.3.1 5.00 35.00 40.00 NOTE
r-oldrel-osx-x86_64 0.3.1 NOTE

Check Details

Version: 0.3.1
Check: package dependencies
Result: NOTE
    Package suggested but not available for checking: 'USAboundariesData'
Flavors: r-devel-linux-x86_64-debian-clang, r-devel-linux-x86_64-debian-gcc, r-devel-linux-x86_64-fedora-clang, r-devel-linux-x86_64-fedora-gcc, r-devel-windows-ix86+x86_64, r-patched-linux-x86_64, r-patched-solaris-x86, r-release-linux-x86_64, r-release-windows-ix86+x86_64, r-release-osx-x86_64, r-oldrel-windows-ix86+x86_64, r-oldrel-osx-x86_64