CRAN Package Check Results for Package USAboundaries

Last updated on 2020-05-25 01:49:07 CEST.

Flavor Version Tinstall Tcheck Ttotal Status Flags
r-devel-linux-x86_64-debian-clang 0.3.1 2.64 26.11 28.75 NOTE
r-devel-linux-x86_64-debian-gcc 0.3.1 1.94 20.79 22.73 NOTE
r-devel-linux-x86_64-fedora-clang 0.3.1 36.07 NOTE
r-devel-linux-x86_64-fedora-gcc 0.3.1 35.47 NOTE
r-devel-windows-ix86+x86_64 0.3.1 11.00 40.00 51.00 NOTE
r-patched-linux-x86_64 0.3.1 2.29 26.25 28.54 NOTE
r-patched-solaris-x86 0.3.1 53.90 NOTE
r-release-linux-x86_64 0.3.1 2.63 26.29 28.92 NOTE
r-release-osx-x86_64 0.3.1 NOTE
r-release-windows-ix86+x86_64 0.3.1 9.00 55.00 64.00 NOTE
r-oldrel-osx-x86_64 0.3.1 NOTE
r-oldrel-windows-ix86+x86_64 0.3.1 5.00 61.00 66.00 NOTE

Check Details

Version: 0.3.1
Check: package dependencies
Result: NOTE
    Package suggested but not available for checking: 'USAboundariesData'
Flavors: r-devel-linux-x86_64-debian-clang, r-devel-linux-x86_64-debian-gcc, r-devel-linux-x86_64-fedora-clang, r-devel-linux-x86_64-fedora-gcc, r-devel-windows-ix86+x86_64, r-patched-linux-x86_64, r-patched-solaris-x86, r-release-linux-x86_64, r-release-osx-x86_64, r-release-windows-ix86+x86_64, r-oldrel-osx-x86_64, r-oldrel-windows-ix86+x86_64