CRAN Package Check Results for Package VennDiagram

Last updated on 2019-11-18 00:54:37 CET.

Flavor Version Tinstall Tcheck Ttotal Status Flags
r-devel-linux-x86_64-debian-clang 1.6.20 8.15 52.68 60.83 NOTE
r-devel-linux-x86_64-debian-gcc 1.6.20 7.39 42.53 49.92 NOTE
r-devel-linux-x86_64-fedora-clang 1.6.20 71.03 NOTE
r-devel-linux-x86_64-fedora-gcc 1.6.20 72.03 NOTE
r-devel-windows-ix86+x86_64 1.6.20 15.00 88.00 103.00 OK
r-patched-linux-x86_64 1.6.20 5.66 51.07 56.73 OK
r-patched-solaris-x86 1.6.20 97.00 OK
r-release-linux-x86_64 1.6.20 6.81 51.89 58.70 OK
r-release-windows-ix86+x86_64 1.6.20 10.00 80.00 90.00 OK
r-release-osx-x86_64 1.6.20 OK
r-oldrel-windows-ix86+x86_64 1.6.20 12.00 90.00 102.00 OK
r-oldrel-osx-x86_64 1.6.20 OK

Check Details

Version: 1.6.20
Check: for non-standard things in the check directory
Result: NOTE
    Found the following files/directories:
     'Fig3-1_triple_labels_sub_and_superscripts.tiff'
     'Fig3-2_Euler_3set_simple_with_subscripts.tiff'
     'Pairwise_Venn_diagram.tiff' 'Quad_Venn_diagram.tiff'
     'Quintuple_Venn_diagram.tiff' 'Single_Venn_diagram.tiff'
     'Triple_Venn_diagram.tiff' 'Venn_2set_complex.tiff'
     'Venn_4set_pretty.tiff' 'Venn_5set_pretty.tiff'
Flavors: r-devel-linux-x86_64-debian-clang, r-devel-linux-x86_64-debian-gcc, r-devel-linux-x86_64-fedora-clang, r-devel-linux-x86_64-fedora-gcc