CRAN Package Check Results for Package VetResearchLMM

Last updated on 2022-01-17 00:48:51 CET.

Flavor Version Tinstall Tcheck Ttotal Status Flags
r-devel-linux-x86_64-debian-clang 1.0.0 9.56 108.14 117.70 OK
r-devel-linux-x86_64-debian-gcc 1.0.0 8.46 91.92 100.38 OK
r-devel-linux-x86_64-fedora-clang 1.0.0 142.05 NOTE
r-devel-linux-x86_64-fedora-gcc 1.0.0 129.04 NOTE
r-devel-windows-x86_64-new-UL 1.0.0 74.00 123.00 197.00 OK
r-devel-windows-x86_64-new-TK 1.0.0 ERROR
r-patched-linux-x86_64 1.0.0 9.12 101.43 110.55 OK
r-release-linux-x86_64 1.0.0 OK
r-release-macos-arm64 1.0.0 NOTE
r-release-macos-x86_64 1.0.0 NOTE
r-release-windows-ix86+x86_64 1.0.0 26.00 120.00 146.00 OK
r-oldrel-macos-x86_64 1.0.0 NOTE
r-oldrel-windows-ix86+x86_64 1.0.0 27.00 124.00 151.00 OK

Check Details

Version: 1.0.0
Check: dependencies in R code
Result: NOTE
    Namespace in Imports field not imported from: ‘nlme’
     All declared Imports should be used.
Flavors: r-devel-linux-x86_64-fedora-clang, r-devel-linux-x86_64-fedora-gcc, r-release-macos-arm64, r-release-macos-x86_64, r-oldrel-macos-x86_64

Version: 1.0.0
Check: package dependencies
Result: ERROR
    Packages required but not available: 'lme4', 'lmerTest'
    
    See section 'The DESCRIPTION file' in the 'Writing R Extensions'
    manual.
Flavor: r-devel-windows-x86_64-new-TK