CRAN Package Check Results for Package WCM

Last updated on 2019-10-23 03:48:43 CEST.

Flavor Version Tinstall Tcheck Ttotal Status Flags
r-devel-linux-x86_64-debian-clang 0.2.1 1.78 28.81 30.59 NOTE
r-devel-linux-x86_64-debian-gcc 0.2.1 1.47 23.29 24.76 NOTE
r-devel-linux-x86_64-fedora-clang 0.2.1 38.11 OK
r-devel-linux-x86_64-fedora-gcc 0.2.1 37.67 OK
r-devel-windows-ix86+x86_64 0.2.1 12.00 40.00 52.00 NOTE
r-patched-linux-x86_64 0.2.1 1.50 29.41 30.91 OK
r-patched-solaris-x86 0.2.1 56.80 OK
r-release-linux-x86_64 0.2.1 1.61 29.17 30.78 OK
r-release-windows-ix86+x86_64 0.2.1 7.00 42.00 49.00 OK
r-release-osx-x86_64 0.2.1 OK
r-oldrel-windows-ix86+x86_64 0.2.1 3.00 41.00 44.00 OK
r-oldrel-osx-x86_64 0.2.1 OK

Check Details

Version: 0.2.1
Check: package vignettes
Result: NOTE
    Package vignette with placeholder title 'Vignette Title':
     'introduction.Rmd'
Flavors: r-devel-linux-x86_64-debian-clang, r-devel-linux-x86_64-debian-gcc, r-devel-windows-ix86+x86_64