CRAN Package Check Results for Package Xmisc

Last updated on 2020-06-03 01:51:04 CEST.

Flavor Version Tinstall Tcheck Ttotal Status Flags
r-devel-linux-x86_64-debian-clang 0.2.1 5.35 41.04 46.39 NOTE
r-devel-linux-x86_64-debian-gcc 0.2.1 4.12 32.46 36.58 NOTE
r-devel-linux-x86_64-fedora-clang 0.2.1 65.24 NOTE
r-devel-linux-x86_64-fedora-gcc 0.2.1 54.78 NOTE
r-devel-windows-ix86+x86_64 0.2.1 16.00 57.00 73.00 NOTE
r-patched-linux-x86_64 0.2.1 5.67 41.18 46.85 NOTE
r-patched-solaris-x86 0.2.1 80.80 NOTE
r-release-linux-x86_64 0.2.1 5.01 40.72 45.73 NOTE
r-release-osx-x86_64 0.2.1 NOTE
r-release-windows-ix86+x86_64 0.2.1 12.00 85.00 97.00 NOTE
r-oldrel-osx-x86_64 0.2.1 NOTE
r-oldrel-windows-ix86+x86_64 0.2.1 11.00 60.00 71.00 NOTE

Check Details

Version: 0.2.1
Check: R code for possible problems
Result: NOTE
    R5.value.default: no visible binding for global variable 'data.table'
    R5.value.default: no visible global function definition for
     'as.data.table'
    R5.value.parse: no visible binding for global variable 'data.table'
    R5.value.parse: no visible global function definition for
     'is.data.table'
    R5.value.parse: no visible global function definition for
     'as.data.table'
    stampme: no visible global function definition for 'flush.console'
    stampmsg: no visible global function definition for 'flush.console'
    write.data.table: no visible global function definition for
     'write.table'
    Undefined global functions or variables:
     as.data.table data.table flush.console is.data.table write.table
    Consider adding
     importFrom("utils", "flush.console", "write.table")
    to your NAMESPACE file.
Flavors: r-devel-linux-x86_64-debian-clang, r-devel-linux-x86_64-debian-gcc, r-devel-linux-x86_64-fedora-clang, r-devel-linux-x86_64-fedora-gcc, r-devel-windows-ix86+x86_64, r-patched-linux-x86_64, r-patched-solaris-x86, r-release-linux-x86_64, r-release-osx-x86_64, r-release-windows-ix86+x86_64, r-oldrel-osx-x86_64, r-oldrel-windows-ix86+x86_64