CRAN Package Check Results for Package Xmisc

Last updated on 2019-10-19 01:50:29 CEST.

Flavor Version Tinstall Tcheck Ttotal Status Flags
r-devel-linux-x86_64-debian-clang 0.2.1 4.27 37.00 41.27 NOTE
r-devel-linux-x86_64-debian-gcc 0.2.1 3.18 29.93 33.11 NOTE
r-devel-linux-x86_64-fedora-clang 0.2.1 51.23 NOTE
r-devel-linux-x86_64-fedora-gcc 0.2.1 51.00 NOTE
r-devel-windows-ix86+x86_64 0.2.1 15.00 70.00 85.00 NOTE
r-patched-linux-x86_64 0.2.1 4.06 37.36 41.42 NOTE
r-patched-solaris-x86 0.2.1 75.90 NOTE
r-release-linux-x86_64 0.2.1 3.59 38.10 41.69 NOTE
r-release-windows-ix86+x86_64 0.2.1 6.00 76.00 82.00 NOTE
r-release-osx-x86_64 0.2.1 NOTE
r-oldrel-windows-ix86+x86_64 0.2.1 8.00 46.00 54.00 NOTE
r-oldrel-osx-x86_64 0.2.1 NOTE

Check Details

Version: 0.2.1
Check: R code for possible problems
Result: NOTE
    R5.value.default: no visible binding for global variable 'data.table'
    R5.value.default: no visible global function definition for
     'as.data.table'
    R5.value.parse: no visible binding for global variable 'data.table'
    R5.value.parse: no visible global function definition for
     'is.data.table'
    R5.value.parse: no visible global function definition for
     'as.data.table'
    stampme: no visible global function definition for 'flush.console'
    stampmsg: no visible global function definition for 'flush.console'
    write.data.table: no visible global function definition for
     'write.table'
    Undefined global functions or variables:
     as.data.table data.table flush.console is.data.table write.table
    Consider adding
     importFrom("utils", "flush.console", "write.table")
    to your NAMESPACE file.
Flavors: r-devel-linux-x86_64-debian-clang, r-devel-linux-x86_64-debian-gcc, r-devel-linux-x86_64-fedora-clang, r-devel-linux-x86_64-fedora-gcc, r-devel-windows-ix86+x86_64, r-patched-linux-x86_64, r-patched-solaris-x86, r-release-linux-x86_64, r-release-windows-ix86+x86_64, r-release-osx-x86_64, r-oldrel-windows-ix86+x86_64, r-oldrel-osx-x86_64