CRAN Package Check Results for Package ZVCV

Last updated on 2020-07-12 18:50:14 CEST.

Flavor Version Tinstall Tcheck Ttotal Status Flags
r-devel-linux-x86_64-debian-clang 2.1.0 134.23 87.21 221.44 OK
r-devel-linux-x86_64-debian-gcc 2.1.0 96.95 66.55 163.50 OK
r-devel-linux-x86_64-fedora-clang 2.1.0 304.15 NOTE
r-devel-linux-x86_64-fedora-gcc 2.1.0 266.10 OK
r-devel-windows-ix86+x86_64 2.1.0 221.00 181.00 402.00 OK
r-patched-linux-x86_64 2.1.0 101.76 84.95 186.71 OK
r-patched-solaris-x86 2.1.0 283.00 OK
r-release-linux-x86_64 2.1.0 102.15 84.37 186.52 OK
r-release-macos-x86_64 2.1.0 NOTE
r-release-windows-ix86+x86_64 2.1.0 286.00 185.00 471.00 OK
r-oldrel-macos-x86_64 2.1.0 NOTE
r-oldrel-windows-ix86+x86_64 2.1.0 259.00 126.00 385.00 OK

Check Details

Version: 2.1.0
Check: installed package size
Result: NOTE
     installed size is 12.3Mb
     sub-directories of 1Mb or more:
     libs 12.0Mb
Flavors: r-devel-linux-x86_64-fedora-clang, r-release-macos-x86_64, r-oldrel-macos-x86_64