CRAN Package Check Results for Package adaptiveGPCA

Last updated on 2020-03-31 01:52:32 CEST.

Flavor Version Tinstall Tcheck Ttotal Status Flags
r-devel-linux-x86_64-debian-clang 0.1.2 24.07 248.67 272.74 OK
r-devel-linux-x86_64-debian-gcc 0.1.2 23.04 191.52 214.56 OK
r-devel-linux-x86_64-fedora-clang 0.1.2 329.25 OK
r-devel-linux-x86_64-fedora-gcc 0.1.2 314.45 OK
r-devel-windows-ix86+x86_64 0.1.2 6.00 6.00 12.00 ERROR
r-devel-windows-ix86+x86_64-gcc8 0.1.2 6.00 6.00 12.00 ERROR
r-patched-linux-x86_64 0.1.2 22.80 234.42 257.22 OK
r-patched-solaris-x86 0.1.2 542.80 OK
r-release-linux-x86_64 0.1.2 22.13 221.27 243.40 OK
r-release-windows-ix86+x86_64 0.1.2 71.00 307.00 378.00 OK
r-release-osx-x86_64 0.1.2 OK
r-oldrel-windows-ix86+x86_64 0.1.2 41.00 305.00 346.00 OK
r-oldrel-osx-x86_64 0.1.2 OK

Check Details

Version: 0.1.2
Check: whether package can be installed
Result: ERROR
    Installation failed.
Flavors: r-devel-windows-ix86+x86_64, r-devel-windows-ix86+x86_64-gcc8