CRAN Package Check Results for Package ade4

Last updated on 2020-05-25 01:48:46 CEST.

Flavor Version Tinstall Tcheck Ttotal Status Flags
r-devel-linux-x86_64-debian-clang 1.7-15 46.52 313.07 359.59 OK
r-devel-linux-x86_64-debian-gcc 1.7-15 35.69 233.45 269.14 OK
r-devel-linux-x86_64-fedora-clang 1.7-15 423.42 NOTE
r-devel-linux-x86_64-fedora-gcc 1.7-15 420.65 NOTE
r-devel-windows-ix86+x86_64 1.7-15 91.00 673.00 764.00 NOTE
r-patched-linux-x86_64 1.7-15 42.52 315.94 358.46 OK
r-patched-solaris-x86 1.7-15 533.60 NOTE
r-release-linux-x86_64 1.7-15 40.55 314.39 354.94 OK
r-release-osx-x86_64 1.7-15 NOTE
r-release-windows-ix86+x86_64 1.7-15 73.00 659.00 732.00 NOTE
r-oldrel-osx-x86_64 1.7-15 NOTE
r-oldrel-windows-ix86+x86_64 1.7-15 70.00 624.00 694.00 NOTE

Check Details

Version: 1.7-15
Check: installed package size
Result: NOTE
     installed size is 7.8Mb
     sub-directories of 1Mb or more:
     R 1.4Mb
     data 2.8Mb
     pictures 2.1Mb
Flavors: r-devel-linux-x86_64-fedora-clang, r-devel-windows-ix86+x86_64, r-patched-solaris-x86, r-release-osx-x86_64, r-release-windows-ix86+x86_64, r-oldrel-osx-x86_64, r-oldrel-windows-ix86+x86_64

Version: 1.7-15
Check: dependencies in R code
Result: NOTE
    Namespace in Imports field not imported from: ‘sp’
     All declared Imports should be used.
Flavors: r-devel-linux-x86_64-fedora-clang, r-devel-linux-x86_64-fedora-gcc, r-patched-solaris-x86, r-release-osx-x86_64

Version: 1.7-15
Check: dependencies in R code
Result: NOTE
    No protocol specified
    No protocol specified
    No protocol specified
    No protocol specified
    Namespace in Imports field not imported from: ‘sp’
     All declared Imports should be used.
Flavor: r-oldrel-osx-x86_64