CRAN Package Check Results for Package ade4

Last updated on 2019-10-18 01:46:20 CEST.

Flavor Version Tinstall Tcheck Ttotal Status Flags
r-devel-linux-x86_64-debian-clang 1.7-13 45.37 278.39 323.76 OK
r-devel-linux-x86_64-debian-gcc 1.7-13 34.45 213.46 247.91 OK
r-devel-linux-x86_64-fedora-clang 1.7-13 384.26 NOTE
r-devel-linux-x86_64-fedora-gcc 1.7-13 384.39 OK
r-devel-windows-ix86+x86_64 1.7-13 91.00 610.00 701.00 NOTE
r-patched-linux-x86_64 1.7-13 36.92 275.26 312.18 OK
r-patched-solaris-x86 1.7-13 511.50 NOTE
r-release-linux-x86_64 1.7-13 38.13 280.73 318.86 OK
r-release-windows-ix86+x86_64 1.7-13 71.00 599.00 670.00 NOTE
r-release-osx-x86_64 1.7-13 NOTE
r-oldrel-windows-ix86+x86_64 1.7-13 66.00 317.00 383.00 NOTE
r-oldrel-osx-x86_64 1.7-13 NOTE

Check Details

Version: 1.7-13
Check: installed package size
Result: NOTE
     installed size is 7.8Mb
     sub-directories of 1Mb or more:
     R 1.4Mb
     data 2.8Mb
     pictures 2.1Mb
Flavors: r-devel-linux-x86_64-fedora-clang, r-devel-windows-ix86+x86_64, r-patched-solaris-x86, r-release-windows-ix86+x86_64, r-release-osx-x86_64, r-oldrel-windows-ix86+x86_64, r-oldrel-osx-x86_64